Last updated on 2025-05-01 12:49:28 CEST.
Flavor | Version | Tinstall | Tcheck | Ttotal | Status | Flags |
---|---|---|---|---|---|---|
r-devel-linux-x86_64-debian-clang | 1.0.7 | 14.68 | 238.24 | 252.92 | NOTE | |
r-devel-linux-x86_64-debian-gcc | 1.0.7 | 9.52 | 169.90 | 179.42 | OK | |
r-devel-linux-x86_64-fedora-clang | 1.0.7 | 390.49 | OK | |||
r-devel-linux-x86_64-fedora-gcc | 1.0.7 | 386.09 | OK | |||
r-devel-windows-x86_64 | 1.0.7 | 17.00 | 248.00 | 265.00 | OK | |
r-patched-linux-x86_64 | 1.0.7 | 14.91 | 227.97 | 242.88 | OK | |
r-release-linux-x86_64 | OK | |||||
r-release-macos-arm64 | 1.0.7 | 112.00 | OK | |||
r-release-macos-x86_64 | 1.0.7 | 268.00 | OK | |||
r-release-windows-x86_64 | 1.0.7 | 19.00 | 253.00 | 272.00 | OK | |
r-oldrel-macos-arm64 | 1.0.7 | 103.00 | OK | |||
r-oldrel-macos-x86_64 | 1.0.7 | 259.00 | OK | |||
r-oldrel-windows-x86_64 | 1.0.7 | 21.00 | 307.00 | 328.00 | OK |
Version: 1.0.7
Check: examples
Result: NOTE
Examples with CPU (user + system) or elapsed time > 5s
user system elapsed
flash 9.816 0.099 12.414
flash_set_verbose 4.880 0.019 5.947
Flavor: r-devel-linux-x86_64-debian-clang
Version: 1.0.7
Check: examples
Result: NA
user system elapsed
flash 7.19 0.107 8.609
OK
Flavor: r-devel-linux-x86_64-debian-gcc
These binaries (installable software) and packages are in development.
They may not be fully stable and should be used with caution. We make no claims about them.