CRAN Package Check Results for Package fledge

Last updated on 2025-05-01 12:49:28 CEST.

Flavor Version Tinstall Tcheck Ttotal Status Flags
r-devel-linux-x86_64-debian-clang 0.1.2 4.30 72.38 76.68 NOTE
r-devel-linux-x86_64-debian-gcc 0.1.2 2.96 52.32 55.28 NOTE
r-devel-linux-x86_64-fedora-clang 0.1.2 112.49 OK
r-devel-linux-x86_64-fedora-gcc 0.1.2 120.90 OK
r-devel-windows-x86_64 0.1.2 5.00 115.00 120.00 NOTE
r-patched-linux-x86_64 0.1.2 4.43 66.94 71.37 NOTE
r-release-linux-x86_64 NOTE
r-release-macos-arm64 0.1.2 60.00 OK
r-release-macos-x86_64 0.1.2 107.00 OK
r-release-windows-x86_64 0.1.2 8.00 123.00 131.00 NOTE
r-oldrel-macos-arm64 0.1.2 45.00 OK
r-oldrel-macos-x86_64 0.1.2 76.00 OK
r-oldrel-windows-x86_64 0.1.2 7.00 119.00 126.00 OK

Check Details

Version: 0.1.2
Check: Rd cross-references
Result: NOTE Found the following Rd file(s) with Rd \link{} targets missing package anchors: get_top_level_commits.Rd: tibble Please provide package anchors for all Rd \link{} targets not in the package itself and the base packages. Flavors: r-devel-linux-x86_64-debian-clang, r-devel-linux-x86_64-debian-gcc, r-devel-windows-x86_64, r-patched-linux-x86_64, r-release-linux-x86_64, r-release-windows-x86_64

These binaries (installable software) and packages are in development.
They may not be fully stable and should be used with caution. We make no claims about them.