CRAN Package Check Results for Package fledge

Last updated on 2025-02-07 05:50:37 CET.

Flavor Version Tinstall Tcheck Ttotal Status Flags
r-devel-linux-x86_64-debian-clang 0.1.2 4.90 69.69 74.59 NOTE
r-devel-linux-x86_64-debian-gcc 0.1.2 3.39 50.16 53.55 NOTE
r-devel-linux-x86_64-fedora-clang 0.1.2 114.11 OK
r-devel-linux-x86_64-fedora-gcc 0.1.2 123.57 OK
r-devel-windows-x86_64 0.1.2 6.00 109.00 115.00 NOTE
r-patched-linux-x86_64 0.1.2 8.81 65.18 73.99 OK
r-release-linux-x86_64 0.1.2 4.16 65.06 69.22 OK
r-release-macos-arm64 0.1.2 45.00 OK
r-release-macos-x86_64 0.1.2 76.00 OK
r-release-windows-x86_64 0.1.2 5.00 108.00 113.00 OK
r-oldrel-macos-arm64 0.1.2 56.00 OK
r-oldrel-macos-x86_64 0.1.2 97.00 OK
r-oldrel-windows-x86_64 0.1.2 7.00 115.00 122.00 OK

Check Details

Version: 0.1.2
Check: Rd cross-references
Result: NOTE Found the following Rd file(s) with Rd \link{} targets missing package anchors: get_top_level_commits.Rd: tibble Please provide package anchors for all Rd \link{} targets not in the package itself and the base packages. Flavors: r-devel-linux-x86_64-debian-clang, r-devel-linux-x86_64-debian-gcc, r-devel-windows-x86_64

These binaries (installable software) and packages are in development.
They may not be fully stable and should be used with caution. We make no claims about them.