Last updated on 2025-10-03 17:48:33 CEST.
Flavor | Version | Tinstall | Tcheck | Ttotal | Status | Flags |
---|---|---|---|---|---|---|
r-devel-linux-x86_64-debian-clang | 0.0.4 | 7.43 | 112.94 | 120.37 | NOTE | |
r-devel-linux-x86_64-debian-gcc | 0.0.4 | 3.78 | 77.84 | 81.62 | NOTE | |
r-devel-linux-x86_64-fedora-clang | 0.0.4 | 174.28 | OK | |||
r-devel-linux-x86_64-fedora-gcc | 0.0.4 | 181.07 | OK | |||
r-devel-windows-x86_64 | 0.0.4 | 8.00 | 115.00 | 123.00 | OK | |
r-patched-linux-x86_64 | 0.0.4 | 6.91 | 101.83 | 108.74 | OK | |
r-release-linux-x86_64 | 0.0.4 | 6.29 | 101.34 | 107.63 | OK | |
r-release-macos-arm64 | 0.0.4 | 58.00 | OK | |||
r-release-macos-x86_64 | 0.0.4 | 154.00 | OK | |||
r-release-windows-x86_64 | 0.0.4 | 8.00 | 114.00 | 122.00 | OK | |
r-oldrel-macos-arm64 | 0.0.4 | 56.00 | OK | |||
r-oldrel-macos-x86_64 | 0.0.4 | 82.00 | OK | |||
r-oldrel-windows-x86_64 | 0.0.4 | 11.00 | 145.00 | 156.00 | OK |
Version: 0.0.4
Check: CRAN incoming feasibility
Result: NOTE
Maintainer: ‘Brian D. Williamson <brian.d.williamson@kp.org>’
The Description field contains
Williamson and Huang (2023+) <arXiv:2202.12989>.
Please refer to arXiv e-prints via their arXiv DOI <doi:10.48550/arXiv.YYMM.NNNNN>.
Flavors: r-devel-linux-x86_64-debian-clang, r-devel-linux-x86_64-debian-gcc
These binaries (installable software) and packages are in development.
They may not be fully stable and should be used with caution. We make no claims about them.