CRAN Package Check Results for Package flexdashboard

Last updated on 2025-05-01 14:49:09 CEST.

Flavor Version Tinstall Tcheck Ttotal Status Flags
r-devel-linux-x86_64-debian-clang 0.6.2 2.86 33.37 36.23 NOTE
r-devel-linux-x86_64-debian-gcc 0.6.2 2.59 26.07 28.66 NOTE
r-devel-linux-x86_64-fedora-clang 0.6.2 56.83 NOTE
r-devel-linux-x86_64-fedora-gcc 0.6.2 54.83 NOTE
r-devel-windows-x86_64 0.6.2 6.00 63.00 69.00 NOTE
r-patched-linux-x86_64 0.6.2 3.73 32.29 36.02 NOTE
r-release-linux-x86_64 NOTE
r-release-macos-arm64 0.6.2 25.00 NOTE
r-release-macos-x86_64 0.6.2 42.00 NOTE
r-release-windows-x86_64 0.6.2 7.00 69.00 76.00 NOTE
r-oldrel-macos-arm64 0.6.2 23.00 NOTE
r-oldrel-macos-x86_64 0.6.2 38.00 NOTE
r-oldrel-windows-x86_64 0.6.2 7.00 64.00 71.00 NOTE

Check Details

Version: 0.6.2
Check: Rd files
Result: NOTE checkRd: (-1) flex_dashboard.Rd:96: Lost braces; missing escapes or markup? 96 | the `{.storyboard}` attribute to individual pages rather than using the | ^ Flavors: r-devel-linux-x86_64-debian-clang, r-devel-linux-x86_64-debian-gcc, r-devel-linux-x86_64-fedora-clang, r-devel-linux-x86_64-fedora-gcc, r-devel-windows-x86_64, r-patched-linux-x86_64, r-release-linux-x86_64, r-release-macos-arm64, r-release-macos-x86_64, r-release-windows-x86_64, r-oldrel-macos-arm64, r-oldrel-macos-x86_64, r-oldrel-windows-x86_64

These binaries (installable software) and packages are in development.
They may not be fully stable and should be used with caution. We make no claims about them.