CRAN Package Check Results for Package flexmet

Last updated on 2025-02-16 10:50:46 CET.

Flavor Version Tinstall Tcheck Ttotal Status Flags
r-devel-linux-x86_64-debian-clang 1.1 4.18 46.01 50.19 NOTE
r-devel-linux-x86_64-debian-gcc 1.1 2.63 32.20 34.83 NOTE
r-devel-linux-x86_64-fedora-clang 1.1 90.86 NOTE
r-devel-linux-x86_64-fedora-gcc 1.1 95.77 NOTE
r-devel-macos-arm64 1.1 30.00 NOTE
r-devel-macos-x86_64 1.1 67.00 NOTE
r-devel-windows-x86_64 1.1 4.00 71.00 75.00 NOTE
r-patched-linux-x86_64 1.1 4.29 43.12 47.41 NOTE
r-release-linux-x86_64 1.1 3.94 43.25 47.19 NOTE
r-release-macos-arm64 1.1 30.00 NOTE
r-release-macos-x86_64 1.1 55.00 NOTE
r-release-windows-x86_64 1.1 5.00 67.00 72.00 NOTE
r-oldrel-macos-arm64 1.1 33.00 OK
r-oldrel-macos-x86_64 1.1 52.00 OK
r-oldrel-windows-x86_64 1.1 7.00 66.00 73.00 OK

Check Details

Version: 1.1
Check: Rd files
Result: NOTE checkRd: (-1) fmp.Rd:45: Lost braces; missing escapes or markup? 45 | If k = 0: (xi_1, ..., x_{C_i - 1}, omega) | ^ checkRd: (-1) fmp.Rd:47: Lost braces; missing escapes or markup? 47 | If k = 1: (xi_1, ..., x_{C_i - 1}, omega, alpha1, tau1) | ^ checkRd: (-1) fmp.Rd:49: Lost braces; missing escapes or markup? 49 | If k = 2: (xi_1, ..., x_{C_i - 1}, omega, alpha1, tau1, alpha2, tau2) | ^ Flavors: r-devel-linux-x86_64-debian-clang, r-devel-linux-x86_64-debian-gcc, r-devel-linux-x86_64-fedora-clang, r-devel-linux-x86_64-fedora-gcc, r-devel-macos-arm64, r-devel-macos-x86_64, r-devel-windows-x86_64, r-patched-linux-x86_64, r-release-linux-x86_64, r-release-macos-arm64, r-release-macos-x86_64, r-release-windows-x86_64

These binaries (installable software) and packages are in development.
They may not be fully stable and should be used with caution. We make no claims about them.