Last updated on 2024-07-27 15:50:17 CEST.
Flavor | Version | Tinstall | Tcheck | Ttotal | Status | Flags |
---|---|---|---|---|---|---|
r-devel-linux-x86_64-debian-clang | 0.0.1 | 9.50 | 85.91 | 95.41 | OK | |
r-devel-linux-x86_64-debian-gcc | 0.0.1 | NOTE | ||||
r-devel-linux-x86_64-fedora-clang | 0.0.1 | 129.84 | OK | |||
r-devel-linux-x86_64-fedora-gcc | 0.0.1 | 116.28 | OK | |||
r-devel-windows-x86_64 | 0.0.1 | 10.00 | 83.00 | 93.00 | NOTE | |
r-patched-linux-x86_64 | 0.0.1 | OK | ||||
r-release-linux-x86_64 | 0.0.1 | 9.17 | 81.70 | 90.87 | OK | |
r-release-macos-arm64 | 0.0.1 | 37.00 | OK | |||
r-release-macos-x86_64 | 0.0.1 | 69.00 | OK | |||
r-release-windows-x86_64 | 0.0.1 | 10.00 | 80.00 | 90.00 | OK | |
r-oldrel-macos-arm64 | 0.0.1 | 41.00 | OK | |||
r-oldrel-macos-x86_64 | 0.0.1 | 68.00 | OK | |||
r-oldrel-windows-x86_64 | 0.0.1 | 13.00 | 97.00 | 110.00 | OK |
Version: 0.0.1
Check: Rd cross-references
Result: NOTE
Found the following Rd file(s) with Rd \link{} targets missing package
anchors:
FLXMRnlm.Rd: gnm, flexmix
flexmixNL-package.Rd: flexmix, gnm
Please provide package anchors for all Rd \link{} targets not in the
package itself and the base packages.
Flavors: r-devel-linux-x86_64-debian-gcc, r-devel-windows-x86_64
These binaries (installable software) and packages are in development.
They may not be fully stable and should be used with caution. We make no claims about them.