Last updated on 2025-02-16 10:50:46 CET.
Flavor | Version | Tinstall | Tcheck | Ttotal | Status | Flags |
---|---|---|---|---|---|---|
r-devel-linux-x86_64-debian-clang | 1.3.1 | 10.51 | 100.26 | 110.77 | NOTE | |
r-devel-linux-x86_64-debian-gcc | 1.3.3 | 7.14 | 70.22 | 77.36 | OK | |
r-devel-linux-x86_64-fedora-clang | 1.3.3 | 174.88 | OK | |||
r-devel-linux-x86_64-fedora-gcc | 1.3.1 | 185.77 | OK | |||
r-devel-macos-arm64 | 1.3.1 | 56.00 | OK | |||
r-devel-macos-x86_64 | 1.3.3 | 105.00 | OK | |||
r-devel-windows-x86_64 | 1.3.1 | 11.00 | 107.00 | 118.00 | NOTE | |
r-patched-linux-x86_64 | 1.3.1 | 14.93 | 92.08 | 107.01 | OK | |
r-release-linux-x86_64 | 1.3.3 | 9.98 | 91.68 | 101.66 | OK | |
r-release-macos-arm64 | 1.3.1 | 53.00 | OK | |||
r-release-macos-x86_64 | 1.3.3 | 116.00 | OK | |||
r-release-windows-x86_64 | 1.3.3 | 11.00 | 121.00 | 132.00 | OK | |
r-oldrel-macos-arm64 | 1.3.1 | 58.00 | OK | |||
r-oldrel-macos-x86_64 | 1.3.3 | 110.00 | OK | |||
r-oldrel-windows-x86_64 | 1.3.1 | 16.00 | 120.00 | 136.00 | OK |
Version: 1.3.1
Check: Rd cross-references
Result: NOTE
Found the following Rd file(s) with Rd \link{} targets missing package
anchors:
flexsurvcure.Rd: Surv, flexsurvreg, survreg
Please provide package anchors for all Rd \link{} targets not in the
package itself and the base packages.
Flavors: r-devel-linux-x86_64-debian-clang, r-devel-windows-x86_64
These binaries (installable software) and packages are in development.
They may not be fully stable and should be used with caution. We make no claims about them.