Last updated on 2025-04-16 00:49:40 CEST.
Flavor | Version | Tinstall | Tcheck | Ttotal | Status | Flags |
---|---|---|---|---|---|---|
r-devel-linux-x86_64-debian-clang | 1.0.0 | 3.35 | 35.50 | 38.85 | NOTE | |
r-devel-linux-x86_64-debian-gcc | 1.0.0 | 2.23 | 28.46 | 30.69 | NOTE | |
r-devel-linux-x86_64-fedora-clang | 1.0.0 | 63.35 | NOTE | |||
r-devel-linux-x86_64-fedora-gcc | 1.0.0 | 73.24 | NOTE | |||
r-devel-windows-x86_64 | 1.0.0 | 5.00 | 61.00 | 66.00 | NOTE | |
r-patched-linux-x86_64 | 1.0.0 | 3.75 | 34.35 | 38.10 | NOTE | |
r-release-linux-x86_64 | 1.0.0 | 3.00 | 34.40 | 37.40 | NOTE | |
r-release-macos-arm64 | 1.0.0 | 33.00 | NOTE | |||
r-release-macos-x86_64 | 1.0.0 | 78.00 | NOTE | |||
r-release-windows-x86_64 | 1.0.0 | 7.00 | 62.00 | 69.00 | NOTE | |
r-oldrel-macos-arm64 | 1.0.0 | 35.00 | OK | |||
r-oldrel-macos-x86_64 | 1.0.0 | 49.00 | OK | |||
r-oldrel-windows-x86_64 | 1.0.0 | 5.00 | 68.00 | 73.00 | OK |
Version: 1.0.0
Check: DESCRIPTION meta-information
Result: NOTE
Missing dependency on R >= 4.1.0 because package code uses the pipe
|> or function shorthand \(...) syntax added in R 4.1.0.
File(s) using such syntax:
‘utils.R’ ‘utils_aircrafts.R’ ‘utils_airfares.R’
‘utils_airport_movement.R’
Flavors: r-devel-linux-x86_64-debian-clang, r-devel-linux-x86_64-debian-gcc, r-devel-linux-x86_64-fedora-clang, r-devel-linux-x86_64-fedora-gcc, r-devel-windows-x86_64, r-patched-linux-x86_64, r-release-linux-x86_64, r-release-macos-arm64, r-release-macos-x86_64, r-release-windows-x86_64
These binaries (installable software) and packages are in development.
They may not be fully stable and should be used with caution. We make no claims about them.