CRAN Package Check Results for Package flint

Last updated on 2025-07-27 03:50:03 CEST.

Flavor Version Tinstall Tcheck Ttotal Status Flags
r-devel-linux-x86_64-debian-clang 0.0.5 39.68 82.00 121.68 OK
r-devel-linux-x86_64-debian-gcc 0.0.5 30.31 56.30 86.61 OK
r-devel-linux-x86_64-fedora-clang 0.0.5 195.12 OK
r-devel-linux-x86_64-fedora-gcc 0.0.5 201.81 OK
r-devel-windows-x86_64 0.0.5 103.00 143.00 246.00 OK
r-patched-linux-x86_64 0.0.5 41.07 77.43 118.50 OK
r-release-linux-x86_64 0.0.5 42.71 76.85 119.56 OK
r-release-macos-arm64 0.0.5 91.00 OK
r-release-macos-x86_64 0.0.5 149.00 OK
r-release-windows-x86_64 0.0.5 102.00 144.00 246.00 OK
r-oldrel-macos-arm64 0.0.5 89.00 NOTE
r-oldrel-macos-x86_64 0.0.5 139.00 NOTE
r-oldrel-windows-x86_64 0.0.5 110.00 179.00 289.00 NOTE

Check Details

Version: 0.0.5
Check: installed package size
Result: NOTE installed size is 13.4Mb sub-directories of 1Mb or more: libs 12.5Mb Flavors: r-oldrel-macos-arm64, r-oldrel-macos-x86_64, r-oldrel-windows-x86_64

These binaries (installable software) and packages are in development.
They may not be fully stable and should be used with caution. We make no claims about them.