CRAN Package Check Results for Package flintyR

Last updated on 2025-05-01 08:52:33 CEST.

Flavor Version Tinstall Tcheck Ttotal Status Flags
r-devel-linux-x86_64-debian-clang 0.1.0 21.07 45.65 66.72 NOTE
r-devel-linux-x86_64-debian-gcc 0.1.0 14.82 32.95 47.77 OK
r-devel-linux-x86_64-fedora-clang 0.1.0 114.38 OK
r-devel-linux-x86_64-fedora-gcc 0.1.0 105.91 OK
r-devel-windows-x86_64 0.1.0 28.00 85.00 113.00 OK
r-patched-linux-x86_64 0.1.0 20.16 42.96 63.12 OK
r-release-linux-x86_64 OK
r-release-macos-arm64 0.1.0 40.00 OK
r-release-macos-x86_64 0.1.0 67.00 OK
r-release-windows-x86_64 0.1.0 27.00 87.00 114.00 OK
r-oldrel-macos-arm64 0.1.0 33.00 OK
r-oldrel-macos-x86_64 0.1.0 78.00 OK
r-oldrel-windows-x86_64 0.1.0 29.00 107.00 136.00 OK

Check Details

Version: 0.1.0
Check: examples
Result: NOTE Examples with CPU (user + system) or elapsed time > 5s user system elapsed getPValue 8.106 0.151 11.215 Flavor: r-devel-linux-x86_64-debian-clang

Version: 0.1.0
Check: examples
Result: NA user system elapsed getPValue 4.186 0.052 5.051 OK Flavor: r-devel-linux-x86_64-debian-gcc

These binaries (installable software) and packages are in development.
They may not be fully stable and should be used with caution. We make no claims about them.