CRAN Package Check Results for Package flipdownr

Last updated on 2025-11-11 15:50:34 CET.

Flavor Version Tinstall Tcheck Ttotal Status Flags
r-devel-linux-x86_64-debian-clang 0.1.1 1.66 19.39 21.05 OK
r-devel-linux-x86_64-debian-gcc 0.1.1 1.37 16.50 17.87 OK
r-devel-linux-x86_64-fedora-clang 0.1.1 31.24 OK
r-devel-linux-x86_64-fedora-gcc 0.1.1 27.83 OK
r-devel-windows-x86_64 0.1.1 3.00 36.00 39.00 OK
r-patched-linux-x86_64 0.1.1 1.64 17.35 18.99 OK
r-release-linux-x86_64 0.1.1 1.32 17.16 18.48 OK
r-release-macos-arm64 0.1.1 2.00 16.00 18.00 OK
r-release-macos-x86_64 0.1.1 1.00 27.00 28.00 OK
r-release-windows-x86_64 0.1.1 3.00 35.00 38.00 OK
r-oldrel-macos-arm64 0.1.1 1.00 13.00 14.00 NOTE
r-oldrel-macos-x86_64 0.1.1 1.00 19.00 20.00 NOTE
r-oldrel-windows-x86_64 0.1.1 3.00 40.00 43.00 NOTE

Check Details

Version: 0.1.1
Check: LazyData
Result: NOTE 'LazyData' is specified without a 'data' directory Flavors: r-oldrel-macos-arm64, r-oldrel-macos-x86_64, r-oldrel-windows-x86_64

These binaries (installable software) and packages are in development.
They may not be fully stable and should be used with caution. We make no claims about them.