CRAN Package Check Results for Package flipdownr

Last updated on 2025-07-02 03:50:41 CEST.

Flavor Version Tinstall Tcheck Ttotal Status Flags
r-devel-linux-x86_64-debian-clang 0.1.1 1.56 17.92 19.48 OK
r-devel-linux-x86_64-debian-gcc 0.1.1 1.42 15.52 16.94 OK
r-devel-linux-x86_64-fedora-clang 0.1.1 28.56 OK
r-devel-linux-x86_64-fedora-gcc 0.1.1 27.54 OK
r-devel-windows-x86_64 0.1.1 3.00 38.00 41.00 OK
r-patched-linux-x86_64 OK
r-release-linux-x86_64 0.1.1 1.64 16.08 17.72 OK
r-release-macos-arm64 0.1.1 18.00 OK
r-release-macos-x86_64 0.1.1 28.00 OK
r-release-windows-x86_64 0.1.1 3.00 39.00 42.00 OK
r-oldrel-macos-arm64 0.1.1 14.00 NOTE
r-oldrel-macos-x86_64 0.1.1 20.00 NOTE
r-oldrel-windows-x86_64 0.1.1 3.00 41.00 44.00 NOTE

Check Details

Version: 0.1.1
Check: LazyData
Result: NOTE 'LazyData' is specified without a 'data' directory Flavors: r-oldrel-macos-arm64, r-oldrel-macos-x86_64, r-oldrel-windows-x86_64

These binaries (installable software) and packages are in development.
They may not be fully stable and should be used with caution. We make no claims about them.