CRAN Package Check Results for Package flipr

Last updated on 2025-05-21 17:52:11 CEST.

Flavor Version Tinstall Tcheck Ttotal Status Flags
r-devel-linux-x86_64-debian-clang 0.3.3 20.28 111.42 131.70 OK
r-devel-linux-x86_64-debian-gcc 0.3.3 14.92 78.70 93.62 OK
r-devel-linux-x86_64-fedora-clang 0.3.3 208.43 OK
r-devel-linux-x86_64-fedora-gcc 0.3.3 211.20 OK
r-devel-windows-x86_64 0.3.3 30.00 130.00 160.00 OK
r-patched-linux-x86_64 0.3.3 20.14 105.40 125.54 OK
r-release-linux-x86_64 0.3.3 21.68 105.25 126.93 OK
r-release-macos-arm64 0.3.3 80.00 OK
r-release-macos-x86_64 0.3.3 105.00 OK
r-release-windows-x86_64 0.3.3 31.00 119.00 150.00 OK
r-oldrel-macos-arm64 0.3.3 52.00 NOTE
r-oldrel-macos-x86_64 0.3.3 87.00 NOTE
r-oldrel-windows-x86_64 0.3.3 33.00 148.00 181.00 NOTE

Check Details

Version: 0.3.3
Check: installed package size
Result: NOTE installed size is 10.6Mb sub-directories of 1Mb or more: doc 9.1Mb Flavors: r-oldrel-macos-arm64, r-oldrel-macos-x86_64, r-oldrel-windows-x86_64

These binaries (installable software) and packages are in development.
They may not be fully stable and should be used with caution. We make no claims about them.