CRAN Package Check Results for Package flipscores

Last updated on 2025-05-01 14:49:09 CEST.

Flavor Version Tinstall Tcheck Ttotal Status Flags
r-devel-linux-x86_64-debian-clang 1.3.2 2.54 35.69 38.23 NOTE
r-devel-linux-x86_64-debian-gcc 1.3.2 1.67 25.38 27.05 OK
r-devel-linux-x86_64-fedora-clang 1.3.2 59.04 OK
r-devel-linux-x86_64-fedora-gcc 1.3.2 55.63 OK
r-devel-windows-x86_64 1.3.2 3.00 55.00 58.00 OK
r-patched-linux-x86_64 1.3.2 2.58 32.18 34.76 OK
r-release-linux-x86_64 OK
r-release-macos-arm64 1.3.2 22.00 OK
r-release-macos-x86_64 1.3.2 36.00 OK
r-release-windows-x86_64 1.3.2 4.00 58.00 62.00 OK
r-oldrel-macos-arm64 1.3.2 22.00 OK
r-oldrel-macos-x86_64 1.3.2 40.00 OK
r-oldrel-windows-x86_64 1.3.2 4.00 56.00 60.00 OK

Check Details

Version: 1.3.2
Check: examples
Result: NOTE Examples with CPU (user + system) or elapsed time > 5s user system elapsed anova.flipscores 6.522 0.046 7.998 flipscores-package 5.147 0.032 6.882 Flavor: r-devel-linux-x86_64-debian-clang

These binaries (installable software) and packages are in development.
They may not be fully stable and should be used with caution. We make no claims about them.