Last updated on 2024-07-27 15:50:17 CEST.
Flavor | Version | Tinstall | Tcheck | Ttotal | Status | Flags |
---|---|---|---|---|---|---|
r-devel-linux-x86_64-debian-clang | 0.7 | 12.17 | 27.06 | 39.23 | OK | |
r-devel-linux-x86_64-debian-gcc | 0.7 | OK | ||||
r-devel-linux-x86_64-fedora-clang | 0.7 | 68.27 | NOTE | |||
r-devel-linux-x86_64-fedora-gcc | 0.7 | 51.04 | NOTE | |||
r-devel-windows-x86_64 | 0.7 | 15.00 | 63.00 | 78.00 | OK | |
r-patched-linux-x86_64 | 0.7 | OK | ||||
r-release-linux-x86_64 | 0.7 | 11.20 | 25.96 | 37.16 | OK | |
r-release-macos-arm64 | 0.7 | 21.00 | OK | |||
r-release-macos-x86_64 | 0.7 | 29.00 | OK | |||
r-release-windows-x86_64 | 0.7 | 19.00 | 61.00 | 80.00 | OK | |
r-oldrel-macos-arm64 | 0.7 | 22.00 | OK | |||
r-oldrel-macos-x86_64 | 0.7 | 32.00 | OK | |||
r-oldrel-windows-x86_64 | 0.7 | 13.00 | 65.00 | 78.00 | OK |
Version: 0.7
Check: compiled code
Result: NOTE
File ‘flock/libs/flock.so’:
Found no calls to: ‘R_registerRoutines’, ‘R_useDynamicSymbols’
It is good practice to register native routines and to disable symbol
search.
See ‘Writing portable packages’ in the ‘Writing R Extensions’ manual.
Flavors: r-devel-linux-x86_64-fedora-clang, r-devel-linux-x86_64-fedora-gcc
These binaries (installable software) and packages are in development.
They may not be fully stable and should be used with caution. We make no claims about them.