CRAN Package Check Results for Package flock

Last updated on 2025-11-12 19:51:49 CET.

Flavor Version Tinstall Tcheck Ttotal Status Flags
r-devel-linux-x86_64-debian-clang 0.7 9.15 23.38 32.53 NOTE
r-devel-linux-x86_64-debian-gcc 0.7 6.09 19.08 25.17 NOTE
r-devel-linux-x86_64-fedora-clang 0.7 48.00 9.89 57.89 NOTE
r-devel-linux-x86_64-fedora-gcc 0.7 17.00 31.70 48.70 NOTE
r-devel-windows-x86_64 0.7 16.00 54.00 70.00 OK
r-patched-linux-x86_64 0.7 8.92 22.23 31.15 OK
r-release-linux-x86_64 0.7 8.61 22.27 30.88 OK
r-release-macos-arm64 0.7 6.00 15.00 21.00 OK
r-release-macos-x86_64 0.7 10.00 25.00 35.00 OK
r-release-windows-x86_64 0.7 14.00 61.00 75.00 OK
r-oldrel-macos-arm64 0.7 5.00 20.00 25.00 OK
r-oldrel-macos-x86_64 0.7 7.00 22.00 29.00 OK
r-oldrel-windows-x86_64 0.7 19.00 70.00 89.00 OK

Check Details

Version: 0.7
Check: CRAN incoming feasibility
Result: NOTE Maintainer: ‘Ivan Popivanov <ivan.popivanov@gmail.com>’ No Authors@R field in DESCRIPTION. Please add one, modifying Authors@R: person(given = "Ivan", family = "Popivanov", role = c("aut", "cre"), email = "ivan.popivanov@gmail.com") as necessary. Flavors: r-devel-linux-x86_64-debian-clang, r-devel-linux-x86_64-debian-gcc

Version: 0.7
Check: compiled code
Result: NOTE File ‘flock/libs/flock.so’: Found no calls to: ‘R_registerRoutines’, ‘R_useDynamicSymbols’ It is good practice to register native routines and to disable symbol search. See ‘Writing portable packages’ in the ‘Writing R Extensions’ manual. Flavors: r-devel-linux-x86_64-fedora-clang, r-devel-linux-x86_64-fedora-gcc

These binaries (installable software) and packages are in development.
They may not be fully stable and should be used with caution. We make no claims about them.