Last updated on 2025-11-13 17:50:34 CET.
| Flavor | Version | Tinstall | Tcheck | Ttotal | Status | Flags |
|---|---|---|---|---|---|---|
| r-devel-linux-x86_64-debian-clang | 0.3.4 | 38.52 | 59.48 | 98.00 | NOTE | |
| r-devel-linux-x86_64-debian-gcc | 0.3.4 | 32.93 | 45.63 | 78.56 | NOTE | |
| r-devel-linux-x86_64-fedora-clang | 0.3.4 | 167.00 | -6.55 | 160.45 | OK | |
| r-devel-linux-x86_64-fedora-gcc | 0.3.4 | 73.00 | 68.82 | 141.82 | OK | |
| r-devel-windows-x86_64 | 0.3.4 | 42.00 | 70.00 | 112.00 | OK | |
| r-patched-linux-x86_64 | 0.3.4 | 39.19 | 56.52 | 95.71 | OK | |
| r-release-linux-x86_64 | 0.3.4 | 37.67 | 56.51 | 94.18 | OK | |
| r-release-macos-arm64 | 0.3.4 | 31.00 | 39.00 | 70.00 | OK | |
| r-release-macos-x86_64 | 0.3.4 | 44.00 | 52.00 | 96.00 | OK | |
| r-release-windows-x86_64 | 0.3.4 | 42.00 | 69.00 | 111.00 | OK | |
| r-oldrel-macos-arm64 | 0.3.4 | 26.00 | 30.00 | 56.00 | NOTE | |
| r-oldrel-macos-x86_64 | 0.3.4 | 32.00 | 45.00 | 77.00 | NOTE | |
| r-oldrel-windows-x86_64 | 0.3.4 | 53.00 | 84.00 | 137.00 | NOTE |
Version: 0.3.4
Check: CRAN incoming feasibility
Result: NOTE
Maintainer: ‘Gustavo Carvalho <gustavo.bio@gmail.com>’
No Authors@R field in DESCRIPTION.
Please add one, modifying
Authors@R: person(given = "Gustavo",
family = "Carvalho",
role = c("aut", "cre"),
email = "gustavo.bio@gmail.com")
as necessary.
Flavors: r-devel-linux-x86_64-debian-clang, r-devel-linux-x86_64-debian-gcc
Version: 0.3.4
Check: installed package size
Result: NOTE
installed size is 8.0Mb
sub-directories of 1Mb or more:
R 7.9Mb
Flavors: r-oldrel-macos-arm64, r-oldrel-macos-x86_64, r-oldrel-windows-x86_64
These binaries (installable software) and packages are in development.
They may not be fully stable and should be used with caution. We make no claims about them.