Last updated on 2024-07-27 15:50:17 CEST.
Flavor | Version | Tinstall | Tcheck | Ttotal | Status | Flags |
---|---|---|---|---|---|---|
r-devel-linux-x86_64-debian-clang | 0.2.0 | 7.42 | 103.28 | 110.70 | NOTE | |
r-devel-linux-x86_64-debian-gcc | 0.2.0 | NOTE | ||||
r-devel-linux-x86_64-fedora-clang | 0.2.0 | 137.25 | NOTE | |||
r-devel-linux-x86_64-fedora-gcc | 0.2.0 | 152.10 | NOTE | |||
r-devel-windows-x86_64 | 0.2.0 | 9.00 | 108.00 | 117.00 | NOTE | |
r-patched-linux-x86_64 | 0.2.0 | NOTE | ||||
r-release-linux-x86_64 | 0.2.0 | 4.65 | 98.10 | 102.75 | NOTE | |
r-release-macos-arm64 | 0.2.0 | 52.00 | NOTE | |||
r-release-macos-x86_64 | 0.2.0 | 141.00 | NOTE | |||
r-release-windows-x86_64 | 0.2.0 | 8.00 | 105.00 | 113.00 | NOTE | |
r-oldrel-macos-arm64 | 0.2.0 | 57.00 | OK | |||
r-oldrel-macos-x86_64 | 0.2.0 | 106.00 | OK | |||
r-oldrel-windows-x86_64 | 0.2.0 | 11.00 | 123.00 | 134.00 | OK |
Version: 0.2.0
Check: Rd files
Result: NOTE
checkRd: (-1) flow_embed.Rd:30: Lost braces; missing escapes or markup?
30 | \item Don't forget to add {flow} to Suggests in your DESCRIPTION file.
| ^
Flavors: r-devel-linux-x86_64-debian-clang, r-devel-linux-x86_64-debian-gcc, r-devel-linux-x86_64-fedora-clang, r-devel-linux-x86_64-fedora-gcc, r-devel-windows-x86_64, r-patched-linux-x86_64, r-release-linux-x86_64, r-release-macos-arm64, r-release-macos-x86_64, r-release-windows-x86_64
These binaries (installable software) and packages are in development.
They may not be fully stable and should be used with caution. We make no claims about them.