CRAN Package Check Results for Package flow

Last updated on 2025-04-16 00:49:40 CEST.

Flavor Version Tinstall Tcheck Ttotal Status Flags
r-devel-linux-x86_64-debian-clang 0.2.0 5.95 80.36 86.31 NOTE
r-devel-linux-x86_64-debian-gcc 0.2.0 3.87 57.05 60.92 NOTE
r-devel-linux-x86_64-fedora-clang 0.2.0 150.27 NOTE
r-devel-linux-x86_64-fedora-gcc 0.2.0 160.87 NOTE
r-devel-windows-x86_64 0.2.0 7.00 106.00 113.00 NOTE
r-patched-linux-x86_64 0.2.0 6.53 78.34 84.87 NOTE
r-release-linux-x86_64 0.2.0 6.51 76.58 83.09 NOTE
r-release-macos-arm64 0.2.0 55.00 NOTE
r-release-macos-x86_64 0.2.0 98.00 NOTE
r-release-windows-x86_64 0.2.0 8.00 106.00 114.00 NOTE
r-oldrel-macos-arm64 0.2.0 52.00 NOTE
r-oldrel-macos-x86_64 0.2.0 141.00 NOTE
r-oldrel-windows-x86_64 0.2.0 8.00 128.00 136.00 NOTE

Check Details

Version: 0.2.0
Check: Rd files
Result: NOTE checkRd: (-1) flow_embed.Rd:30: Lost braces; missing escapes or markup? 30 | \item Don't forget to add {flow} to Suggests in your DESCRIPTION file. | ^ Flavors: r-devel-linux-x86_64-debian-clang, r-devel-linux-x86_64-debian-gcc, r-devel-linux-x86_64-fedora-clang, r-devel-linux-x86_64-fedora-gcc, r-devel-windows-x86_64, r-patched-linux-x86_64, r-release-linux-x86_64, r-release-macos-arm64, r-release-macos-x86_64, r-release-windows-x86_64, r-oldrel-macos-arm64, r-oldrel-macos-x86_64, r-oldrel-windows-x86_64

These binaries (installable software) and packages are in development.
They may not be fully stable and should be used with caution. We make no claims about them.