CRAN Package Check Results for Package flowmapblue

Last updated on 2025-05-29 01:49:29 CEST.

Flavor Version Tinstall Tcheck Ttotal Status Flags
r-devel-linux-x86_64-debian-clang 0.0.2 2.58 35.64 38.22 OK
r-devel-linux-x86_64-debian-gcc 0.0.2 2.23 27.91 30.14 OK
r-devel-linux-x86_64-fedora-clang 0.0.2 59.25 OK
r-devel-linux-x86_64-fedora-gcc 0.0.2 68.78 OK
r-devel-windows-x86_64 0.0.2 6.00 55.00 61.00 OK
r-patched-linux-x86_64 0.0.2 2.72 32.66 35.38 OK
r-release-linux-x86_64 0.0.2 2.31 32.79 35.10 OK
r-release-macos-arm64 0.0.2 34.00 OK
r-release-macos-x86_64 0.0.2 49.00 OK
r-release-windows-x86_64 0.0.2 7.00 60.00 67.00 OK
r-oldrel-macos-arm64 0.0.2 26.00 NOTE
r-oldrel-macos-x86_64 0.0.2 52.00 NOTE
r-oldrel-windows-x86_64 0.0.2 6.00 64.00 70.00 NOTE

Check Details

Version: 0.0.2
Check: installed package size
Result: NOTE installed size is 5.0Mb sub-directories of 1Mb or more: htmlwidgets 3.9Mb Flavors: r-oldrel-macos-arm64, r-oldrel-macos-x86_64, r-oldrel-windows-x86_64

These binaries (installable software) and packages are in development.
They may not be fully stable and should be used with caution. We make no claims about them.