Last updated on 2025-02-16 10:50:46 CET.
Flavor | Version | Tinstall | Tcheck | Ttotal | Status | Flags |
---|---|---|---|---|---|---|
r-devel-linux-x86_64-debian-clang | 1.0.2 | 3.56 | 21.27 | 24.83 | OK | |
r-devel-linux-x86_64-debian-gcc | 1.0.2 | 3.22 | 16.85 | 20.07 | OK | |
r-devel-linux-x86_64-fedora-clang | 1.0.2 | 41.63 | OK | |||
r-devel-linux-x86_64-fedora-gcc | 1.0.2 | 39.26 | OK | |||
r-devel-macos-arm64 | 1.0.2 | 22.00 | OK | |||
r-devel-macos-x86_64 | 1.0.2 | 53.00 | OK | |||
r-devel-windows-x86_64 | 1.0.2 | 9.00 | 92.00 | 101.00 | OK | |
r-patched-linux-x86_64 | 1.0.2 | 3.89 | 20.59 | 24.48 | OK | |
r-release-linux-x86_64 | 1.0.2 | 3.49 | 20.60 | 24.09 | OK | |
r-release-macos-arm64 | 1.0.2 | 22.00 | OK | |||
r-release-macos-x86_64 | 1.0.2 | 36.00 | OK | |||
r-release-windows-x86_64 | 1.0.2 | 11.00 | 94.00 | 105.00 | NOTE | |
r-oldrel-macos-arm64 | 1.0.2 | 27.00 | OK | |||
r-oldrel-macos-x86_64 | 1.0.2 | 39.00 | OK | |||
r-oldrel-windows-x86_64 | 1.0.2 | 28.00 | 98.00 | 126.00 | NOTE |
Version: 1.0.2
Check: installed package size
Result: NOTE
installed size is 8.7Mb
sub-directories of 1Mb or more:
libs 8.6Mb
Flavors: r-release-windows-x86_64, r-oldrel-windows-x86_64
These binaries (installable software) and packages are in development.
They may not be fully stable and should be used with caution. We make no claims about them.