Last updated on 2025-11-24 15:49:52 CET.
| Flavor | Version | Tinstall | Tcheck | Ttotal | Status | Flags |
|---|---|---|---|---|---|---|
| r-devel-linux-x86_64-debian-clang | 0.3-0.1 | 5.30 | 50.83 | 56.13 | NOTE | |
| r-devel-linux-x86_64-debian-gcc | 0.3-0.1 | 4.52 | 36.23 | 40.75 | NOTE | |
| r-devel-linux-x86_64-fedora-clang | 0.3-0.1 | 22.00 | 68.00 | 90.00 | NOTE | |
| r-devel-linux-x86_64-fedora-gcc | 0.3-0.1 | 11.00 | 68.15 | 79.15 | NOTE | |
| r-devel-windows-x86_64 | 0.3-0.1 | 9.00 | 65.00 | 74.00 | OK | |
| r-patched-linux-x86_64 | 0.3-0.1 | 6.23 | 45.46 | 51.69 | NOTE | |
| r-release-linux-x86_64 | 0.3-0.1 | 4.78 | 46.72 | 51.50 | NOTE | |
| r-release-macos-arm64 | 0.3-0.1 | OK | ||||
| r-release-macos-x86_64 | 0.3-0.1 | 4.00 | 41.00 | 45.00 | OK | |
| r-release-windows-x86_64 | 0.3-0.1 | 7.00 | 76.00 | 83.00 | OK | |
| r-oldrel-macos-arm64 | 0.3-0.1 | OK | ||||
| r-oldrel-macos-x86_64 | 0.3-0.1 | 4.00 | 33.00 | 37.00 | OK | |
| r-oldrel-windows-x86_64 | 0.3-0.1 | 9.00 | 78.00 | 87.00 | OK |
Version: 0.3-0.1
Check: CRAN incoming feasibility
Result: NOTE
Maintainer: ‘Gerald Jurasinski <gerald.jurasinski@uni-rostock.de>’
No Authors@R field in DESCRIPTION.
Please add one, modifying
Authors@R: c(person(given = "Gerald",
family = "Jurasinski",
role = c("aut", "cre"),
email = "gerald.jurasinski@uni-rostock.de"),
person(given = "Franziska",
family = "Koebsch",
role = "aut"),
person(given = "Anke",
family = "Guenther",
role = "aut"),
person(given = "Sascha",
family = "Beetz",
role = "aut"))
as necessary.
Flavors: r-devel-linux-x86_64-debian-clang, r-devel-linux-x86_64-debian-gcc
Version: 0.3-0.1
Check: for non-standard things in the check directory
Result: NOTE
Found the following files/directories:
‘flux.CH4.txt’
Flavors: r-devel-linux-x86_64-debian-clang, r-devel-linux-x86_64-debian-gcc, r-devel-linux-x86_64-fedora-clang, r-devel-linux-x86_64-fedora-gcc, r-patched-linux-x86_64, r-release-linux-x86_64
These binaries (installable software) and packages are in development.
They may not be fully stable and should be used with caution. We make no claims about them.