CRAN Package Check Results for Package flying

Last updated on 2025-10-23 11:50:13 CEST.

Flavor Version Tinstall Tcheck Ttotal Status Flags
r-devel-linux-x86_64-debian-clang 0.1.3 13.66 57.24 70.90 OK
r-devel-linux-x86_64-debian-gcc 0.1.3 10.85 41.35 52.20 OK
r-devel-linux-x86_64-fedora-clang 0.1.3 57.00 73.58 130.58 NOTE
r-devel-linux-x86_64-fedora-gcc 0.1.3 69.00 66.16 135.16 NOTE
r-devel-windows-x86_64 0.1.3 21.00 80.00 101.00 OK
r-patched-linux-x86_64 0.1.3 15.66 53.93 69.59 OK
r-release-linux-x86_64 0.1.3 15.69 53.80 69.49 OK
r-release-macos-arm64 0.1.3 8.00 42.00 50.00 OK
r-release-macos-x86_64 0.1.3 11.00 59.00 70.00 OK
r-release-windows-x86_64 0.1.3 23.00 85.00 108.00 OK
r-oldrel-macos-arm64 0.1.3 7.00 28.00 35.00 OK
r-oldrel-macos-x86_64 0.1.3 9.00 55.00 64.00 OK
r-oldrel-windows-x86_64 0.1.3 26.00 101.00 127.00 OK

Check Details

Version: 0.1.3
Check: dependencies in R code
Result: NOTE Namespaces in Imports field not imported from: ‘kableExtra’ ‘knitr’ ‘rmarkdown’ All declared Imports should be used. Flavors: r-devel-linux-x86_64-fedora-clang, r-devel-linux-x86_64-fedora-gcc

These binaries (installable software) and packages are in development.
They may not be fully stable and should be used with caution. We make no claims about them.