CRAN Package Check Results for Package flying

Last updated on 2025-05-01 08:52:33 CEST.

Flavor Version Tinstall Tcheck Ttotal Status Flags
r-devel-linux-x86_64-debian-clang 0.1.3 15.62 52.77 68.39 NOTE
r-devel-linux-x86_64-debian-gcc 0.1.3 12.22 36.39 48.61 OK
r-devel-linux-x86_64-fedora-clang 0.1.3 115.06 NOTE
r-devel-linux-x86_64-fedora-gcc 0.1.3 120.71 NOTE
r-devel-windows-x86_64 0.1.3 22.00 86.00 108.00 OK
r-patched-linux-x86_64 0.1.3 15.26 49.16 64.42 OK
r-release-linux-x86_64 OK
r-release-macos-arm64 0.1.3 50.00 OK
r-release-macos-x86_64 0.1.3 70.00 OK
r-release-windows-x86_64 0.1.3 21.00 90.00 111.00 OK
r-oldrel-macos-arm64 0.1.3 35.00 OK
r-oldrel-macos-x86_64 0.1.3 64.00 OK
r-oldrel-windows-x86_64 0.1.3 23.00 96.00 119.00 OK

Check Details

Version: 0.1.3
Check: examples
Result: NOTE Examples with CPU (user + system) or elapsed time > 5s user system elapsed migrate 7.262 0.164 8.995 Flavor: r-devel-linux-x86_64-debian-clang

Version: 0.1.3
Check: examples
Result: NA user system elapsed migrate 3.853 0.431 5.078 OK Flavor: r-devel-linux-x86_64-debian-gcc

Version: 0.1.3
Check: dependencies in R code
Result: NOTE Namespaces in Imports field not imported from: ‘kableExtra’ ‘knitr’ ‘rmarkdown’ All declared Imports should be used. Flavors: r-devel-linux-x86_64-fedora-clang, r-devel-linux-x86_64-fedora-gcc

These binaries (installable software) and packages are in development.
They may not be fully stable and should be used with caution. We make no claims about them.