Last updated on 2025-05-01 14:49:10 CEST.
Flavor | Version | Tinstall | Tcheck | Ttotal | Status | Flags |
---|---|---|---|---|---|---|
r-devel-linux-x86_64-debian-clang | 0.1.4 | 23.66 | 730.46 | 754.12 | NOTE | |
r-devel-linux-x86_64-debian-gcc | 0.1.4 | 15.57 | 559.24 | 574.81 | OK | |
r-devel-linux-x86_64-fedora-clang | 0.1.4 | 1184.50 | OK | |||
r-devel-linux-x86_64-fedora-gcc | 0.1.4 | 1094.25 | OK | |||
r-devel-windows-x86_64 | 0.1.4 | 23.00 | 712.00 | 735.00 | OK | |
r-patched-linux-x86_64 | 0.1.4 | 22.60 | 709.87 | 732.47 | OK | |
r-release-linux-x86_64 | OK | |||||
r-release-macos-arm64 | 0.1.4 | 275.00 | OK | |||
r-release-macos-x86_64 | 0.1.4 | 301.00 | OK | |||
r-release-windows-x86_64 | 0.1.4 | 22.00 | 806.00 | 828.00 | OK | |
r-oldrel-macos-arm64 | 0.1.4 | 185.00 | OK | |||
r-oldrel-macos-x86_64 | 0.1.4 | 254.00 | OK | |||
r-oldrel-windows-x86_64 | 0.1.4 | 29.00 | 836.00 | 865.00 | OK |
Version: 0.1.4
Check: examples
Result: NOTE
Examples with CPU (user + system) or elapsed time > 5s
user system elapsed
came 4.507 0.132 5.632
Flavor: r-devel-linux-x86_64-debian-clang
These binaries (installable software) and packages are in development.
They may not be fully stable and should be used with caution. We make no claims about them.