CRAN Package Check Results for Package fmerPack

Last updated on 2025-02-16 10:50:46 CET.

Flavor Version Tinstall Tcheck Ttotal Status Flags
r-devel-linux-x86_64-debian-clang 0.0-1 28.42 81.44 109.86 NOTE
r-devel-linux-x86_64-debian-gcc 0.0-1 19.64 58.90 78.54 NOTE
r-devel-linux-x86_64-fedora-clang 0.0-1 187.93 NOTE
r-devel-linux-x86_64-fedora-gcc 0.0-1 190.00 NOTE
r-devel-macos-arm64 0.0-1 53.00 NOTE
r-devel-macos-x86_64 0.0-1 93.00 NOTE
r-devel-windows-x86_64 0.0-1 31.00 113.00 144.00 NOTE
r-patched-linux-x86_64 0.0-1 27.52 76.80 104.32 NOTE
r-release-linux-x86_64 0.0-1 27.45 76.47 103.92 NOTE
r-release-macos-arm64 0.0-1 46.00 NOTE
r-release-macos-x86_64 0.0-1 69.00 NOTE
r-release-windows-x86_64 0.0-1 31.00 111.00 142.00 NOTE
r-oldrel-macos-arm64 0.0-1 54.00 NOTE
r-oldrel-macos-x86_64 0.0-1 94.00 NOTE
r-oldrel-windows-x86_64 0.0-1 39.00 128.00 167.00 NOTE

Check Details

Version: 0.0-1
Check: C++ specification
Result: NOTE Specified C++11: please drop specification unless essential Flavors: r-devel-linux-x86_64-debian-clang, r-devel-linux-x86_64-debian-gcc, r-devel-linux-x86_64-fedora-clang, r-devel-linux-x86_64-fedora-gcc, r-devel-macos-arm64, r-devel-macos-x86_64, r-devel-windows-x86_64, r-patched-linux-x86_64, r-release-linux-x86_64, r-release-macos-arm64, r-release-macos-x86_64, r-release-windows-x86_64, r-oldrel-macos-arm64, r-oldrel-macos-x86_64, r-oldrel-windows-x86_64

Version: 0.0-1
Check: dependencies in R code
Result: NOTE Namespace in Imports field not imported from: ‘MASS’ All declared Imports should be used. Flavors: r-devel-linux-x86_64-fedora-clang, r-devel-linux-x86_64-fedora-gcc

These binaries (installable software) and packages are in development.
They may not be fully stable and should be used with caution. We make no claims about them.