Last updated on 2025-05-02 02:50:54 CEST.
Flavor | Version | Tinstall | Tcheck | Ttotal | Status | Flags |
---|---|---|---|---|---|---|
r-devel-linux-x86_64-debian-clang | 0.0-1 | 28.65 | 82.78 | 111.43 | NOTE | |
r-devel-linux-x86_64-debian-gcc | 0.0-1 | 20.07 | 59.00 | 79.07 | NOTE | |
r-devel-linux-x86_64-fedora-clang | 0.0-1 | 179.39 | NOTE | |||
r-devel-linux-x86_64-fedora-gcc | 0.0-1 | 172.63 | NOTE | |||
r-devel-windows-x86_64 | 0.0-1 | 33.00 | 106.00 | 139.00 | NOTE | |
r-patched-linux-x86_64 | 0.0-1 | 26.70 | 78.38 | 105.08 | NOTE | |
r-release-linux-x86_64 | NOTE | |||||
r-release-macos-arm64 | 0.0-1 | 52.00 | NOTE | |||
r-release-macos-x86_64 | 0.0-1 | 96.00 | NOTE | |||
r-release-windows-x86_64 | 0.0-1 | 35.00 | 114.00 | 149.00 | NOTE | |
r-oldrel-macos-arm64 | 0.0-1 | 46.00 | NOTE | |||
r-oldrel-macos-x86_64 | 0.0-1 | 69.00 | NOTE | |||
r-oldrel-windows-x86_64 | 0.0-1 | 38.00 | 134.00 | 172.00 | NOTE |
Version: 0.0-1
Check: CRAN incoming feasibility
Result: NOTE
Maintainer: ‘Yan Li <yan.4.li@uconn.edu>’
The Description field contains
<arXiv:2003.04787>.
Please refer to arXiv e-prints via their arXiv DOI <doi:10.48550/arXiv.YYMM.NNNNN>.
Flavors: r-devel-linux-x86_64-debian-clang, r-devel-linux-x86_64-debian-gcc
Version: 0.0-1
Check: C++ specification
Result: NOTE
Specified C++11: please drop specification unless essential
Flavors: r-devel-linux-x86_64-debian-clang, r-devel-linux-x86_64-debian-gcc, r-devel-linux-x86_64-fedora-clang, r-devel-linux-x86_64-fedora-gcc, r-devel-windows-x86_64, r-patched-linux-x86_64, r-release-linux-x86_64, r-release-macos-arm64, r-release-macos-x86_64, r-release-windows-x86_64, r-oldrel-macos-arm64, r-oldrel-macos-x86_64, r-oldrel-windows-x86_64
Version: 0.0-1
Check: examples
Result: NOTE
Examples with CPU (user + system) or elapsed time > 5s
user system elapsed
fmrHP 4.473 0.046 6.345
fmrReg 4.146 0.000 5.246
Flavor: r-devel-linux-x86_64-debian-clang
Version: 0.0-1
Check: dependencies in R code
Result: NOTE
Namespace in Imports field not imported from: ‘MASS’
All declared Imports should be used.
Flavors: r-devel-linux-x86_64-fedora-clang, r-devel-linux-x86_64-fedora-gcc
These binaries (installable software) and packages are in development.
They may not be fully stable and should be used with caution. We make no claims about them.