Last updated on 2025-02-02 14:48:22 CET.
Flavor | Version | Tinstall | Tcheck | Ttotal | Status | Flags |
---|---|---|---|---|---|---|
r-devel-linux-x86_64-debian-clang | 0.2.0 | 87.19 | 200.04 | 287.23 | OK | |
r-devel-linux-x86_64-debian-gcc | 0.2.0 | 65.21 | 142.05 | 207.26 | OK | |
r-devel-linux-x86_64-fedora-clang | 0.2.0 | 485.49 | OK | |||
r-devel-linux-x86_64-fedora-gcc | 0.2.0 | 492.30 | OK | |||
r-devel-windows-x86_64 | 0.2.0 | 93.00 | 220.00 | 313.00 | OK | |
r-patched-linux-x86_64 | 0.2.0 | 89.56 | 185.95 | 275.51 | OK | |
r-release-linux-x86_64 | 0.2.0 | 88.88 | 187.61 | 276.49 | OK | |
r-release-macos-arm64 | 0.2.0 | 129.00 | NOTE | |||
r-release-macos-x86_64 | 0.2.0 | 189.00 | NOTE | |||
r-release-windows-x86_64 | 0.2.0 | 91.00 | 228.00 | 319.00 | OK | |
r-oldrel-macos-arm64 | 0.2.0 | 124.00 | NOTE | |||
r-oldrel-macos-x86_64 | 0.2.0 | 174.00 | NOTE | |||
r-oldrel-windows-x86_64 | 0.2.0 | 108.00 | 277.00 | 385.00 | OK |
Version: 0.2.0
Check: installed package size
Result: NOTE
installed size is 8.9Mb
sub-directories of 1Mb or more:
libs 7.4Mb
Flavors: r-release-macos-arm64, r-release-macos-x86_64, r-oldrel-macos-arm64, r-oldrel-macos-x86_64
These binaries (installable software) and packages are in development.
They may not be fully stable and should be used with caution. We make no claims about them.