Last updated on 2025-05-08 04:52:05 CEST.
Flavor | Version | Tinstall | Tcheck | Ttotal | Status | Flags |
---|---|---|---|---|---|---|
r-devel-linux-x86_64-debian-clang | 0.3.0 | 91.52 | 217.70 | 309.22 | OK | |
r-devel-linux-x86_64-debian-gcc | 0.3.0 | 69.75 | 152.48 | 222.23 | OK | |
r-devel-linux-x86_64-fedora-clang | 0.3.0 | 514.43 | OK | |||
r-devel-linux-x86_64-fedora-gcc | 0.3.0 | 549.18 | OK | |||
r-devel-windows-x86_64 | 0.3.0 | 107.00 | 252.00 | 359.00 | OK | |
r-patched-linux-x86_64 | 0.3.0 | 99.28 | 209.20 | 308.48 | OK | |
r-release-linux-x86_64 | 0.3.0 | 97.97 | 208.49 | 306.46 | OK | |
r-release-macos-arm64 | 0.3.0 | 196.00 | OK | |||
r-release-macos-x86_64 | 0.3.0 | 241.00 | OK | |||
r-release-windows-x86_64 | 0.3.0 | 112.00 | 255.00 | 367.00 | OK | |
r-oldrel-macos-arm64 | 0.3.0 | 128.00 | NOTE | |||
r-oldrel-macos-x86_64 | 0.3.0 | 207.00 | NOTE | |||
r-oldrel-windows-x86_64 | 0.3.0 | 129.00 | 308.00 | 437.00 | OK |
Version: 0.3.0
Check: installed package size
Result: NOTE
installed size is 9.8Mb
sub-directories of 1Mb or more:
libs 8.1Mb
Flavors: r-oldrel-macos-arm64, r-oldrel-macos-x86_64
These binaries (installable software) and packages are in development.
They may not be fully stable and should be used with caution. We make no claims about them.