Last updated on 2025-10-03 13:49:33 CEST.
Flavor | Version | Tinstall | Tcheck | Ttotal | Status | Flags |
---|---|---|---|---|---|---|
r-devel-linux-x86_64-debian-clang | 0.1.0 | 30.03 | 142.40 | 172.43 | OK | |
r-devel-linux-x86_64-debian-gcc | 0.1.0 | 20.71 | 104.42 | 125.13 | OK | |
r-devel-linux-x86_64-fedora-clang | 0.1.0 | 268.38 | OK | |||
r-devel-linux-x86_64-fedora-gcc | 0.1.0 | 260.73 | OK | |||
r-devel-windows-x86_64 | 0.1.0 | 38.00 | 153.00 | 191.00 | OK | |
r-patched-linux-x86_64 | 0.1.0 | 32.16 | 135.61 | 167.77 | OK | |
r-release-linux-x86_64 | 0.1.0 | 27.44 | 135.23 | 162.67 | OK | |
r-release-macos-arm64 | 0.1.0 | 74.00 | OK | |||
r-release-macos-x86_64 | 0.1.0 | 141.00 | OK | |||
r-release-windows-x86_64 | 0.1.0 | 36.00 | 154.00 | 190.00 | OK | |
r-oldrel-macos-arm64 | 0.1.0 | 77.00 | NOTE | |||
r-oldrel-macos-x86_64 | 0.1.0 | 143.00 | NOTE | |||
r-oldrel-windows-x86_64 | 0.1.0 | 44.00 | 199.00 | 243.00 | OK |
Version: 0.1.0
Check: installed package size
Result: NOTE
installed size is 5.6Mb
sub-directories of 1Mb or more:
doc 3.5Mb
libs 1.8Mb
Flavors: r-oldrel-macos-arm64, r-oldrel-macos-x86_64
These binaries (installable software) and packages are in development.
They may not be fully stable and should be used with caution. We make no claims about them.