Last updated on 2025-05-08 04:52:05 CEST.
Flavor | Version | Tinstall | Tcheck | Ttotal | Status | Flags |
---|---|---|---|---|---|---|
r-devel-linux-x86_64-debian-clang | 0.3.0 | 7.69 | 79.08 | 86.77 | OK | |
r-devel-linux-x86_64-debian-gcc | 0.3.0 | 5.30 | 56.97 | 62.27 | OK | |
r-devel-linux-x86_64-fedora-clang | 0.3.0 | 129.25 | OK | |||
r-devel-linux-x86_64-fedora-gcc | 0.3.0 | 147.70 | OK | |||
r-devel-windows-x86_64 | 0.3.0 | 8.00 | 88.00 | 96.00 | OK | |
r-patched-linux-x86_64 | 0.3.0 | 6.99 | 75.68 | 82.67 | OK | |
r-release-linux-x86_64 | 0.3.0 | 7.23 | 75.57 | 82.80 | OK | |
r-release-macos-arm64 | 0.3.0 | 74.00 | OK | |||
r-release-macos-x86_64 | 0.3.0 | 154.00 | OK | |||
r-release-windows-x86_64 | 0.3.0 | 10.00 | 89.00 | 99.00 | OK | |
r-oldrel-macos-arm64 | 0.3.0 | 64.00 | NOTE | |||
r-oldrel-macos-x86_64 | 0.3.0 | 146.00 | NOTE | |||
r-oldrel-windows-x86_64 | 0.3.0 | 11.00 | 101.00 | 112.00 | NOTE |
Version: 0.3.0
Check: LazyData
Result: NOTE
'LazyData' is specified without a 'data' directory
Flavors: r-oldrel-macos-arm64, r-oldrel-macos-x86_64, r-oldrel-windows-x86_64
These binaries (installable software) and packages are in development.
They may not be fully stable and should be used with caution. We make no claims about them.