Last updated on 2025-10-23 17:50:48 CEST.
Flavor | Version | Tinstall | Tcheck | Ttotal | Status | Flags |
---|---|---|---|---|---|---|
r-devel-linux-x86_64-debian-clang | 0.1.2 | 23.67 | 378.46 | 402.13 | OK | |
r-devel-linux-x86_64-debian-gcc | 0.1.2 | 17.51 | 267.13 | 284.64 | OK | |
r-devel-linux-x86_64-fedora-clang | 0.1.2 | 64.00 | 625.65 | 689.65 | OK | |
r-devel-linux-x86_64-fedora-gcc | 0.1.2 | 70.00 | 598.99 | 668.99 | OK | |
r-devel-windows-x86_64 | 0.1.2 | 26.00 | 479.00 | 505.00 | OK | |
r-patched-linux-x86_64 | 0.1.2 | 23.83 | 375.38 | 399.21 | OK | |
r-release-linux-x86_64 | 0.1.2 | 23.89 | 379.99 | 403.88 | OK | |
r-release-macos-arm64 | 0.1.2 | 14.00 | 67.00 | 81.00 | OK | |
r-release-macos-x86_64 | 0.1.2 | 30.00 | 145.00 | 175.00 | OK | |
r-release-windows-x86_64 | 0.1.2 | 26.00 | 479.00 | 505.00 | OK | |
r-oldrel-macos-arm64 | 0.1.2 | 10.00 | 231.00 | 241.00 | NOTE | |
r-oldrel-macos-x86_64 | 0.1.2 | 31.00 | 294.00 | 325.00 | NOTE | |
r-oldrel-windows-x86_64 | 0.1.2 | 27.00 | 556.00 | 583.00 | OK |
Version: 0.1.2
Check: installed package size
Result: NOTE
installed size is 8.2Mb
sub-directories of 1Mb or more:
libs 7.3Mb
Flavors: r-oldrel-macos-arm64, r-oldrel-macos-x86_64
These binaries (installable software) and packages are in development.
They may not be fully stable and should be used with caution. We make no claims about them.