Last updated on 2025-02-19 16:50:48 CET.
Flavor | Version | Tinstall | Tcheck | Ttotal | Status | Flags |
---|---|---|---|---|---|---|
r-devel-linux-x86_64-debian-clang | 0.1.2 | 24.04 | 339.55 | 363.59 | OK | |
r-devel-linux-x86_64-debian-gcc | 0.1.2 | 17.58 | 244.22 | 261.80 | OK | |
r-devel-linux-x86_64-fedora-clang | 0.1.2 | 669.71 | OK | |||
r-devel-linux-x86_64-fedora-gcc | 0.1.2 | 659.71 | OK | |||
r-devel-macos-arm64 | 0.1.2 | 79.00 | OK | |||
r-devel-macos-x86_64 | 0.1.2 | 197.00 | OK | |||
r-devel-windows-x86_64 | 0.1.2 | 24.00 | 455.00 | 479.00 | OK | |
r-patched-linux-x86_64 | 0.1.2 | 25.14 | 337.82 | 362.96 | OK | |
r-release-linux-x86_64 | 0.1.2 | 23.42 | 340.89 | 364.31 | OK | |
r-release-macos-arm64 | 0.1.2 | 241.00 | NOTE | |||
r-release-macos-x86_64 | 0.1.2 | 325.00 | NOTE | |||
r-release-windows-x86_64 | 0.1.2 | 26.00 | 453.00 | 479.00 | OK | |
r-oldrel-macos-arm64 | 0.1.2 | 243.00 | NOTE | |||
r-oldrel-macos-x86_64 | 0.1.2 | 334.00 | NOTE | |||
r-oldrel-windows-x86_64 | 0.1.2 | 22.00 | 526.00 | 548.00 | OK |
Version: 0.1.2
Check: installed package size
Result: NOTE
installed size is 8.2Mb
sub-directories of 1Mb or more:
libs 7.3Mb
Flavors: r-release-macos-arm64, r-release-macos-x86_64, r-oldrel-macos-arm64, r-oldrel-macos-x86_64
These binaries (installable software) and packages are in development.
They may not be fully stable and should be used with caution. We make no claims about them.