CRAN Package Check Results for Package focusedMDS

Last updated on 2025-07-25 13:50:20 CEST.

Flavor Version Tinstall Tcheck Ttotal Status Flags
r-devel-linux-x86_64-debian-clang 1.3.3 2.50 22.90 25.40 OK
r-devel-linux-x86_64-debian-gcc 1.3.3 1.86 19.09 20.95 OK
r-devel-linux-x86_64-fedora-clang 1.3.3 39.46 OK
r-devel-linux-x86_64-fedora-gcc 1.3.3 37.36 OK
r-devel-windows-x86_64 1.3.3 5.00 51.00 56.00 OK
r-patched-linux-x86_64 1.3.3 2.61 21.82 24.43 OK
r-release-linux-x86_64 1.3.3 2.40 21.76 24.16 OK
r-release-macos-arm64 1.3.3 18.00 OK
r-release-macos-x86_64 1.3.3 31.00 OK
r-release-windows-x86_64 1.3.3 5.00 48.00 53.00 OK
r-oldrel-macos-arm64 1.3.3 15.00 NOTE
r-oldrel-macos-x86_64 1.3.3 24.00 NOTE
r-oldrel-windows-x86_64 1.3.3 5.00 47.00 52.00 NOTE

Check Details

Version: 1.3.3
Check: LazyData
Result: NOTE 'LazyData' is specified without a 'data' directory Flavors: r-oldrel-macos-arm64, r-oldrel-macos-x86_64, r-oldrel-windows-x86_64

These binaries (installable software) and packages are in development.
They may not be fully stable and should be used with caution. We make no claims about them.