Last updated on 2025-02-16 10:50:46 CET.
Flavor | Version | Tinstall | Tcheck | Ttotal | Status | Flags |
---|---|---|---|---|---|---|
r-devel-linux-x86_64-debian-clang | 0.2.0 | 82.58 | 38.30 | 120.88 | OK | |
r-devel-linux-x86_64-debian-gcc | 0.2.0 | 67.48 | 37.73 | 105.21 | OK | |
r-devel-linux-x86_64-fedora-clang | 0.2.0 | 215.81 | OK | |||
r-devel-linux-x86_64-fedora-gcc | 0.2.0 | 285.95 | OK | |||
r-devel-macos-arm64 | 0.2.0 | 73.00 | OK | |||
r-devel-macos-x86_64 | 0.2.0 | 120.00 | OK | |||
r-devel-windows-x86_64 | 0.2.0 | 83.00 | 81.00 | 164.00 | OK | |
r-patched-linux-x86_64 | 0.2.0 | 87.83 | 47.05 | 134.88 | OK | |
r-release-linux-x86_64 | 0.2.0 | 90.38 | 46.90 | 137.28 | OK | |
r-release-macos-arm64 | 0.2.0 | 66.00 | NOTE | |||
r-release-macos-x86_64 | 0.2.0 | 90.00 | NOTE | |||
r-release-windows-x86_64 | 0.2.0 | 84.00 | 83.00 | 167.00 | OK | |
r-oldrel-macos-arm64 | 0.2.0 | 78.00 | NOTE | |||
r-oldrel-macos-x86_64 | 0.2.0 | 89.00 | NOTE | |||
r-oldrel-windows-x86_64 | 0.2.0 | 103.00 | 92.00 | 195.00 | OK |
Version: 0.2.0
Check: installed package size
Result: NOTE
installed size is 32.1Mb
sub-directories of 1Mb or more:
libs 31.4Mb
Flavors: r-release-macos-arm64, r-release-macos-x86_64, r-oldrel-macos-arm64, r-oldrel-macos-x86_64
These binaries (installable software) and packages are in development.
They may not be fully stable and should be used with caution. We make no claims about them.