CRAN Package Check Results for Package fomantic.plus

Last updated on 2025-05-02 13:50:45 CEST.

Flavor Version Tinstall Tcheck Ttotal Status Flags
r-devel-linux-x86_64-debian-clang 0.1.0 3.82 38.77 42.59 NOTE
r-devel-linux-x86_64-debian-gcc 0.1.0 2.66 30.33 32.99 NOTE
r-devel-linux-x86_64-fedora-clang 0.1.0 65.00 NOTE
r-devel-linux-x86_64-fedora-gcc 0.1.0 77.01 NOTE
r-devel-windows-x86_64 0.1.0 5.00 60.00 65.00 NOTE
r-patched-linux-x86_64 0.1.0 4.01 36.43 40.44 NOTE
r-release-linux-x86_64 NOTE
r-release-macos-arm64 0.1.0 43.00 NOTE
r-release-macos-x86_64 0.1.0 51.00 NOTE
r-release-windows-x86_64 0.1.0 6.00 66.00 72.00 NOTE
r-oldrel-macos-arm64 0.1.0 32.00 NOTE
r-oldrel-macos-x86_64 0.1.0 72.00 NOTE
r-oldrel-windows-x86_64 0.1.0 8.00 65.00 73.00 NOTE

Check Details

Version: 0.1.0
Check: Rd files
Result: NOTE checkRd: (-1) navbar_page.Rd:36: Lost braces in \itemize; meant \describe ? checkRd: (-1) navbar_page.Rd:37: Lost braces in \itemize; meant \describe ? checkRd: (-1) navbar_page.Rd:38: Lost braces in \itemize; meant \describe ? Flavors: r-devel-linux-x86_64-debian-clang, r-devel-linux-x86_64-debian-gcc, r-devel-linux-x86_64-fedora-clang, r-devel-linux-x86_64-fedora-gcc, r-devel-windows-x86_64, r-patched-linux-x86_64, r-release-linux-x86_64, r-release-macos-arm64, r-release-macos-x86_64, r-release-windows-x86_64, r-oldrel-macos-arm64, r-oldrel-macos-x86_64, r-oldrel-windows-x86_64

These binaries (installable software) and packages are in development.
They may not be fully stable and should be used with caution. We make no claims about them.