CRAN Package Check Results for Package fontBitstreamVera

Last updated on 2025-11-13 01:50:20 CET.

Flavor Version Tinstall Tcheck Ttotal Status Flags
r-devel-linux-x86_64-debian-clang 0.1.1 1.18 9.30 10.48 OK
r-devel-linux-x86_64-debian-gcc 0.1.1 0.85 8.03 8.88 OK
r-devel-linux-x86_64-fedora-clang 0.1.1 15.96 OK
r-devel-linux-x86_64-fedora-gcc 0.1.1 14.63 OK
r-devel-windows-x86_64 0.1.1 5.00 17.00 22.00 OK
r-patched-linux-x86_64 0.1.1 1.10 8.56 9.66 OK
r-release-linux-x86_64 0.1.1 1.13 8.22 9.35 OK
r-release-macos-arm64 0.1.1 1.00 10.00 11.00 OK
r-release-macos-x86_64 0.1.1 2.00 16.00 18.00 OK
r-release-windows-x86_64 0.1.1 2.00 17.00 19.00 OK
r-oldrel-macos-arm64 0.1.1 1.00 14.00 15.00 NOTE
r-oldrel-macos-x86_64 0.1.1 1.00 11.00 12.00 NOTE
r-oldrel-windows-x86_64 0.1.1 3.00 18.00 21.00 NOTE

Check Details

Version: 0.1.1
Check: LazyData
Result: NOTE 'LazyData' is specified without a 'data' directory Flavors: r-oldrel-macos-arm64, r-oldrel-macos-x86_64, r-oldrel-windows-x86_64

These binaries (installable software) and packages are in development.
They may not be fully stable and should be used with caution. We make no claims about them.