CRAN Package Check Results for Package fontcm

Last updated on 2025-11-13 03:51:01 CET.

Flavor Version Tinstall Tcheck Ttotal Status Flags
r-devel-linux-x86_64-debian-clang 1.2 1.58 19.97 21.55 OK
r-devel-linux-x86_64-debian-gcc 1.2 1.43 16.36 17.79 OK
r-devel-linux-x86_64-fedora-clang 1.2 31.43 OK
r-devel-linux-x86_64-fedora-gcc 1.2 28.15 OK
r-devel-windows-x86_64 1.2 4.00 38.00 42.00 OK
r-patched-linux-x86_64 1.2 1.48 17.93 19.41 OK
r-release-linux-x86_64 1.2 1.62 17.89 19.51 OK
r-release-macos-arm64 1.2 1.00 14.00 15.00 OK
r-release-macos-x86_64 1.2 2.00 32.00 34.00 OK
r-release-windows-x86_64 1.2 6.00 36.00 42.00 OK
r-oldrel-macos-arm64 1.2 1.00 20.00 21.00 NOTE
r-oldrel-macos-x86_64 1.2 2.00 34.00 36.00 NOTE
r-oldrel-windows-x86_64 1.2 4.00 41.00 45.00 NOTE

Check Details

Version: 1.2
Check: installed package size
Result: NOTE installed size is 6.7Mb sub-directories of 1Mb or more: fonts 6.6Mb Flavors: r-oldrel-macos-arm64, r-oldrel-macos-x86_64, r-oldrel-windows-x86_64

These binaries (installable software) and packages are in development.
They may not be fully stable and should be used with caution. We make no claims about them.