Last updated on 2025-02-23 07:51:53 CET.
Flavor | Version | Tinstall | Tcheck | Ttotal | Status | Flags |
---|---|---|---|---|---|---|
r-devel-linux-x86_64-debian-clang | 0.1.0 | 7.14 | 61.10 | 68.24 | NOTE | |
r-devel-linux-x86_64-debian-gcc | 0.1.0 | 4.57 | 43.23 | 47.80 | NOTE | |
r-devel-linux-x86_64-fedora-clang | 0.1.0 | 109.73 | NOTE | |||
r-devel-linux-x86_64-fedora-gcc | 0.1.0 | 316.82 | NOTE | |||
r-devel-macos-arm64 | 0.1.0 | 106.00 | NOTE | |||
r-devel-macos-x86_64 | 0.1.0 | 320.00 | NOTE | |||
r-devel-windows-x86_64 | 0.1.0 | 8.00 | 76.00 | 84.00 | NOTE | |
r-patched-linux-x86_64 | 0.1.0 | 14.09 | 56.90 | 70.99 | NOTE | |
r-release-linux-x86_64 | 0.1.0 | 6.44 | 56.50 | 62.94 | NOTE | |
r-release-macos-arm64 | 0.1.0 | 98.00 | NOTE | |||
r-release-macos-x86_64 | 0.1.0 | 136.00 | NOTE | |||
r-release-windows-x86_64 | 0.1.0 | 8.00 | 77.00 | 85.00 | NOTE | |
r-oldrel-macos-arm64 | 0.1.0 | 120.00 | NOTE | |||
r-oldrel-macos-x86_64 | 0.1.0 | 159.00 | NOTE | |||
r-oldrel-windows-x86_64 | 0.1.0 | 10.00 | 87.00 | 97.00 | NOTE |
Version: 0.1.0
Check: package subdirectories
Result: NOTE
Problems with news in ‘NEWS.md’:
No news entries found.
Flavors: r-devel-linux-x86_64-debian-clang, r-devel-linux-x86_64-debian-gcc, r-devel-linux-x86_64-fedora-clang, r-devel-linux-x86_64-fedora-gcc, r-devel-macos-arm64, r-devel-macos-x86_64, r-devel-windows-x86_64, r-patched-linux-x86_64, r-release-linux-x86_64, r-release-macos-arm64, r-release-macos-x86_64, r-release-windows-x86_64, r-oldrel-macos-arm64, r-oldrel-macos-x86_64, r-oldrel-windows-x86_64
Version: 0.1.0
Check: Rd cross-references
Result: NOTE
Found the following Rd file(s) with Rd \link{} targets missing package
anchors:
foodingraph.Rd: igraph, ggraph
Please provide package anchors for all Rd \link{} targets not in the
package itself and the base packages.
Flavors: r-devel-linux-x86_64-debian-clang, r-devel-linux-x86_64-debian-gcc, r-devel-windows-x86_64
Version: 0.1.0
Check: dependencies in R code
Result: NOTE
Namespace in Imports field not imported from: ‘grid’
All declared Imports should be used.
Flavors: r-devel-linux-x86_64-fedora-clang, r-devel-linux-x86_64-fedora-gcc
Version: 0.1.0
Check: LazyData
Result: NOTE
'LazyData' is specified without a 'data' directory
Flavors: r-patched-linux-x86_64, r-release-linux-x86_64, r-release-macos-arm64, r-release-macos-x86_64, r-release-windows-x86_64, r-oldrel-macos-arm64, r-oldrel-macos-x86_64, r-oldrel-windows-x86_64
Version: 0.1.0
Check: package dependencies
Result: NOTE
Package suggested but not available for checking: ‘minet’
Flavor: r-oldrel-macos-x86_64
These binaries (installable software) and packages are in development.
They may not be fully stable and should be used with caution. We make no claims about them.