Last updated on 2025-07-02 03:50:41 CEST.
Flavor | Version | Tinstall | Tcheck | Ttotal | Status | Flags |
---|---|---|---|---|---|---|
r-devel-linux-x86_64-debian-clang | 2.0.0 | 32.67 | 168.50 | 201.17 | OK | |
r-devel-linux-x86_64-debian-gcc | 2.0.0 | 24.95 | 122.20 | 147.15 | OK | |
r-devel-linux-x86_64-fedora-clang | 2.0.0 | 324.81 | OK | |||
r-devel-linux-x86_64-fedora-gcc | 2.0.0 | 319.05 | OK | |||
r-devel-windows-x86_64 | 2.0.0 | 29.00 | 155.00 | 184.00 | OK | |
r-patched-linux-x86_64 | OK | |||||
r-release-linux-x86_64 | 2.0.0 | 32.61 | 160.87 | 193.48 | OK | |
r-release-macos-arm64 | 2.0.0 | 89.00 | OK | |||
r-release-macos-x86_64 | 2.0.0 | 179.00 | OK | |||
r-release-windows-x86_64 | 2.0.0 | 31.00 | 153.00 | 184.00 | OK | |
r-oldrel-macos-arm64 | 2.0.0 | 112.00 | NOTE | |||
r-oldrel-macos-x86_64 | 2.0.0 | 181.00 | NOTE | |||
r-oldrel-windows-x86_64 | 2.0.0 | 38.00 | 197.00 | 235.00 | NOTE |
Version: 2.0.0
Check: package dependencies
Result: NOTE
Package suggested but not available for checking: ‘cmdstanr’
Flavors: r-oldrel-macos-arm64, r-oldrel-macos-x86_64, r-oldrel-windows-x86_64
Version: 2.0.0
Check: Rd cross-references
Result: NOTE
Package unavailable to check Rd xrefs: ‘cmdstanr’
Flavors: r-oldrel-macos-arm64, r-oldrel-macos-x86_64, r-oldrel-windows-x86_64
These binaries (installable software) and packages are in development.
They may not be fully stable and should be used with caution. We make no claims about them.