Last updated on 2025-11-11 17:49:58 CET.
| Flavor | Version | Tinstall | Tcheck | Ttotal | Status | Flags |
|---|---|---|---|---|---|---|
| r-devel-linux-x86_64-debian-clang | 2.0.0 | 33.09 | 182.03 | 215.12 | OK | |
| r-devel-linux-x86_64-debian-gcc | 2.0.0 | 24.96 | 134.05 | 159.01 | OK | |
| r-devel-linux-x86_64-fedora-clang | 2.0.0 | 142.00 | 210.81 | 352.81 | OK | |
| r-devel-linux-x86_64-fedora-gcc | 2.0.0 | 71.00 | 261.94 | 332.94 | OK | |
| r-devel-windows-x86_64 | 2.0.0 | 31.00 | 162.00 | 193.00 | OK | |
| r-patched-linux-x86_64 | 2.0.0 | 34.00 | 174.33 | 208.33 | OK | |
| r-release-linux-x86_64 | 2.0.0 | 36.00 | 176.12 | 212.12 | OK | |
| r-release-macos-arm64 | 2.0.0 | 13.00 | 76.00 | 89.00 | OK | |
| r-release-macos-x86_64 | 2.0.0 | 22.00 | 157.00 | 179.00 | OK | |
| r-release-windows-x86_64 | 2.0.0 | 30.00 | 157.00 | 187.00 | OK | |
| r-oldrel-macos-arm64 | 2.0.0 | 12.00 | 100.00 | 112.00 | NOTE | |
| r-oldrel-macos-x86_64 | 2.0.0 | 23.00 | 158.00 | 181.00 | NOTE | |
| r-oldrel-windows-x86_64 | 2.0.0 | 41.00 | 211.00 | 252.00 | NOTE |
Version: 2.0.0
Check: package dependencies
Result: NOTE
Package suggested but not available for checking: ‘cmdstanr’
Flavors: r-oldrel-macos-arm64, r-oldrel-macos-x86_64, r-oldrel-windows-x86_64
Version: 2.0.0
Check: Rd cross-references
Result: NOTE
Package unavailable to check Rd xrefs: ‘cmdstanr’
Flavors: r-oldrel-macos-arm64, r-oldrel-macos-x86_64, r-oldrel-windows-x86_64
These binaries (installable software) and packages are in development.
They may not be fully stable and should be used with caution. We make no claims about them.