Last updated on 2025-10-03 13:49:34 CEST.
Flavor | Version | Tinstall | Tcheck | Ttotal | Status | Flags |
---|---|---|---|---|---|---|
r-devel-linux-x86_64-debian-clang | 2.0.8.2 | 12.66 | 196.97 | 209.63 | NOTE | |
r-devel-linux-x86_64-debian-gcc | 2.0.8.2 | 9.69 | 134.91 | 144.60 | NOTE | |
r-devel-linux-x86_64-fedora-clang | 2.0.8.2 | 339.36 | OK | |||
r-devel-linux-x86_64-fedora-gcc | 2.0.8.2 | 322.31 | OK | |||
r-devel-windows-x86_64 | 2.0.8.2 | 16.00 | 184.00 | 200.00 | OK | |
r-patched-linux-x86_64 | 2.0.8.2 | 12.79 | 187.08 | 199.87 | OK | |
r-release-linux-x86_64 | 2.0.8.2 | 12.74 | 185.75 | 198.49 | OK | |
r-release-macos-arm64 | 2.0.8.2 | 186.00 | OK | |||
r-release-macos-x86_64 | 2.0.8.2 | 197.00 | OK | |||
r-release-windows-x86_64 | 2.0.8.2 | 16.00 | 184.00 | 200.00 | OK | |
r-oldrel-macos-arm64 | 2.0.8.2 | 78.00 | OK | |||
r-oldrel-macos-x86_64 | 2.0.8.2 | 237.00 | OK | |||
r-oldrel-windows-x86_64 | 2.0.8.2 | 22.00 | 244.00 | 266.00 | OK |
Version: 2.0.8.2
Check: CRAN incoming feasibility
Result: NOTE
Maintainer: ‘Tianshu Chen <tianshu129@163.com>’
No Authors@R field in DESCRIPTION.
Please add one, modifying
Authors@R: person(given = "Tianshu",
family = "Chen",
role = c("aut", "cre"),
email = "tianshu129@163.com")
as necessary.
Flavors: r-devel-linux-x86_64-debian-clang, r-devel-linux-x86_64-debian-gcc
These binaries (installable software) and packages are in development.
They may not be fully stable and should be used with caution. We make no claims about them.