CRAN Package Check Results for Package foqat

Last updated on 2025-05-08 04:52:05 CEST.

Flavor Version Tinstall Tcheck Ttotal Status Flags
r-devel-linux-x86_64-debian-clang 2.0.8.2 11.78 174.65 186.43 NOTE
r-devel-linux-x86_64-debian-gcc 2.0.8.2 7.92 120.69 128.61 NOTE
r-devel-linux-x86_64-fedora-clang 2.0.8.2 283.78 OK
r-devel-linux-x86_64-fedora-gcc 2.0.8.2 293.84 OK
r-devel-windows-x86_64 2.0.8.2 14.00 175.00 189.00 OK
r-patched-linux-x86_64 2.0.8.2 13.64 169.46 183.10 OK
r-release-linux-x86_64 2.0.8.2 12.83 167.87 180.70 OK
r-release-macos-arm64 2.0.8.2 186.00 OK
r-release-macos-x86_64 2.0.8.2 197.00 OK
r-release-windows-x86_64 2.0.8.2 17.00 175.00 192.00 OK
r-oldrel-macos-arm64 2.0.8.2 78.00 OK
r-oldrel-macos-x86_64 2.0.8.2 237.00 OK
r-oldrel-windows-x86_64 2.0.8.2 19.00 218.00 237.00 OK

Check Details

Version: 2.0.8.2
Check: CRAN incoming feasibility
Result: NOTE Maintainer: ‘Tianshu Chen <tianshu129@163.com>’ No Authors@R field in DESCRIPTION. Please add one, modifying Authors@R: person(given = "Tianshu", family = "Chen", role = c("aut", "cre"), email = "tianshu129@163.com") as necessary. Flavors: r-devel-linux-x86_64-debian-clang, r-devel-linux-x86_64-debian-gcc

These binaries (installable software) and packages are in development.
They may not be fully stable and should be used with caution. We make no claims about them.