Last updated on 2025-11-13 21:49:57 CET.
| Flavor | Version | Tinstall | Tcheck | Ttotal | Status | Flags |
|---|---|---|---|---|---|---|
| r-devel-linux-x86_64-debian-clang | 2.0-6 | 6.54 | 60.11 | 66.65 | NOTE | |
| r-devel-linux-x86_64-debian-gcc | 2.0-6 | 5.40 | 43.54 | 48.94 | NOTE | |
| r-devel-linux-x86_64-fedora-clang | 2.0-6 | 26.00 | 80.36 | 106.36 | OK | |
| r-devel-linux-x86_64-fedora-gcc | 2.0-6 | 14.00 | 81.86 | 95.86 | OK | |
| r-devel-windows-x86_64 | 2.0-6 | 8.00 | 71.00 | 79.00 | OK | |
| r-patched-linux-x86_64 | 2.0-6 | 6.64 | 57.98 | 64.62 | OK | |
| r-release-linux-x86_64 | 2.0-6 | 6.97 | 58.03 | 65.00 | OK | |
| r-release-macos-arm64 | 2.0-6 | 3.00 | 32.00 | 35.00 | OK | |
| r-release-macos-x86_64 | 2.0-6 | 6.00 | 59.00 | 65.00 | OK | |
| r-release-windows-x86_64 | 2.0-6 | 7.00 | 69.00 | 76.00 | OK | |
| r-oldrel-macos-arm64 | 2.0-6 | 3.00 | 29.00 | 32.00 | OK | |
| r-oldrel-macos-x86_64 | 2.0-6 | 5.00 | 40.00 | 45.00 | OK | |
| r-oldrel-windows-x86_64 | 2.0-6 | 10.00 | 88.00 | 98.00 | OK |
Version: 2.0-6
Check: CRAN incoming feasibility
Result: NOTE
Maintainer: ‘Rodrigo Aluizio <r.aluizio@gmail.com>’
No Authors@R field in DESCRIPTION.
Please add one, modifying
Authors@R: person(given = "Rodrigo",
family = "Aluizio",
role = c("aut", "cre"),
email = "r.aluizio@gmail.com")
as necessary.
Flavors: r-devel-linux-x86_64-debian-clang, r-devel-linux-x86_64-debian-gcc
These binaries (installable software) and packages are in development.
They may not be fully stable and should be used with caution. We make no claims about them.