Last updated on 2025-02-16 10:50:46 CET.
Flavor | Version | Tinstall | Tcheck | Ttotal | Status | Flags |
---|---|---|---|---|---|---|
r-devel-linux-x86_64-debian-clang | 1.2.0 | 35.96 | 185.19 | 221.15 | OK | |
r-devel-linux-x86_64-debian-gcc | 1.2.0 | 25.39 | 129.63 | 155.02 | OK | |
r-devel-linux-x86_64-fedora-clang | 1.2.0 | 381.62 | OK | |||
r-devel-linux-x86_64-fedora-gcc | 1.2.0 | 397.97 | OK | |||
r-devel-macos-arm64 | 1.2.0 | 106.00 | OK | |||
r-devel-macos-x86_64 | 1.2.0 | 6.00 | ERROR | |||
r-devel-windows-x86_64 | 1.2.0 | 44.00 | 219.00 | 263.00 | OK | |
r-patched-linux-x86_64 | 1.2.0 | 36.84 | 178.69 | 215.53 | OK | |
r-release-linux-x86_64 | 1.2.0 | 36.31 | 175.32 | 211.63 | OK | |
r-release-macos-arm64 | 1.2.0 | 109.00 | OK | |||
r-release-macos-x86_64 | 1.2.0 | 155.00 | OK | |||
r-release-windows-x86_64 | 1.2.0 | 44.00 | 220.00 | 264.00 | OK | |
r-oldrel-macos-arm64 | 1.2.0 | 114.00 | OK | |||
r-oldrel-macos-x86_64 | 1.2.0 | 217.00 | OK | |||
r-oldrel-windows-x86_64 | 1.2.0 | 52.00 | 281.00 | 333.00 | OK |
Version: 1.2.0
Check: package dependencies
Result: ERROR
Package required but not available: ‘RGN’
See section ‘The DESCRIPTION file’ in the ‘Writing R Extensions’
manual.
Flavor: r-devel-macos-x86_64
These binaries (installable software) and packages are in development.
They may not be fully stable and should be used with caution. We make no claims about them.