Last updated on 2025-05-28 21:50:06 CEST.
Flavor | Version | Tinstall | Tcheck | Ttotal | Status | Flags |
---|---|---|---|---|---|---|
r-devel-linux-x86_64-debian-clang | 1.2.0 | 39.27 | 192.51 | 231.78 | OK | |
r-devel-linux-x86_64-debian-gcc | 1.2.0 | 26.20 | 126.48 | 152.68 | OK | |
r-devel-linux-x86_64-fedora-clang | 1.2.0 | 371.73 | OK | |||
r-devel-linux-x86_64-fedora-gcc | 1.2.0 | 374.86 | OK | |||
r-devel-windows-x86_64 | 1.2.0 | 46.00 | 227.00 | 273.00 | OK | |
r-patched-linux-x86_64 | 1.2.0 | 37.78 | 179.69 | 217.47 | OK | |
r-release-linux-x86_64 | 1.2.0 | 38.57 | 192.23 | 230.80 | OK | |
r-release-macos-arm64 | 1.2.0 | 129.00 | OK | |||
r-release-macos-x86_64 | 1.2.0 | 6.00 | ERROR | |||
r-release-windows-x86_64 | 1.2.0 | 52.00 | 237.00 | 289.00 | OK | |
r-oldrel-macos-arm64 | 1.2.0 | 109.00 | OK | |||
r-oldrel-macos-x86_64 | 1.2.0 | 155.00 | OK | |||
r-oldrel-windows-x86_64 | 1.2.0 | 57.00 | 297.00 | 354.00 | OK |
Version: 1.2.0
Check: package dependencies
Result: ERROR
Package required but not available: ‘RGN’
See section ‘The DESCRIPTION file’ in the ‘Writing R Extensions’
manual.
Flavor: r-release-macos-x86_64
These binaries (installable software) and packages are in development.
They may not be fully stable and should be used with caution. We make no claims about them.