Last updated on 2024-07-27 15:50:18 CEST.
Flavor | Version | Tinstall | Tcheck | Ttotal | Status | Flags |
---|---|---|---|---|---|---|
r-devel-linux-x86_64-debian-clang | 8.23.0 | 119.79 | 417.32 | 537.11 | OK | |
r-devel-linux-x86_64-debian-gcc | 8.23.0 | OK | ||||
r-devel-linux-x86_64-fedora-clang | 8.23.0 | 754.30 | OK | |||
r-devel-linux-x86_64-fedora-gcc | 8.23.0 | 704.77 | OK | |||
r-devel-windows-x86_64 | 8.23.0 | 98.00 | 356.00 | 454.00 | OK | |
r-patched-linux-x86_64 | 8.23.0 | OK | ||||
r-release-linux-x86_64 | 8.23.0 | 98.31 | 386.20 | 484.51 | OK | |
r-release-macos-arm64 | 8.23.0 | 160.00 | NOTE | |||
r-release-macos-x86_64 | 8.23.0 | 423.00 | NOTE | |||
r-release-windows-x86_64 | 8.23.0 | 118.00 | 352.00 | 470.00 | OK | |
r-oldrel-macos-arm64 | 8.23.0 | 165.00 | OK | |||
r-oldrel-macos-x86_64 | 8.23.0 | 347.00 | NOTE | |||
r-oldrel-windows-x86_64 | 8.23.0 | 118.00 | 437.00 | 555.00 | OK |
Version: 8.23.0
Check: installed package size
Result: NOTE
installed size is 5.0Mb
sub-directories of 1Mb or more:
libs 3.4Mb
Flavors: r-release-macos-arm64, r-release-macos-x86_64, r-oldrel-macos-x86_64
These binaries (installable software) and packages are in development.
They may not be fully stable and should be used with caution. We make no claims about them.