Last updated on 2025-02-16 10:50:46 CET.
Flavor | Version | Tinstall | Tcheck | Ttotal | Status | Flags |
---|---|---|---|---|---|---|
r-devel-linux-x86_64-debian-clang | 5.0.19 | 6.66 | 271.49 | 278.15 | NOTE | |
r-devel-linux-x86_64-debian-gcc | 5.0.19 | 4.11 | 160.61 | 164.72 | NOTE | |
r-devel-linux-x86_64-fedora-clang | 5.0.19 | 470.73 | OK | |||
r-devel-linux-x86_64-fedora-gcc | 5.0.19 | 472.17 | OK | |||
r-devel-macos-arm64 | 5.0.19 | 105.00 | OK | |||
r-devel-macos-x86_64 | 5.0.19 | 393.00 | OK | |||
r-devel-windows-x86_64 | 5.0.19 | 9.00 | 282.00 | 291.00 | NOTE | |
r-patched-linux-x86_64 | 5.0.19 | 14.50 | 252.58 | 267.08 | NOTE | |
r-release-linux-x86_64 | 5.0.19 | 6.36 | 255.14 | 261.50 | NOTE | |
r-release-macos-arm64 | 5.0.19 | 107.00 | NOTE | |||
r-release-macos-x86_64 | 5.0.19 | 260.00 | NOTE | |||
r-release-windows-x86_64 | 5.0.19 | 9.00 | 284.00 | 293.00 | NOTE | |
r-oldrel-macos-arm64 | 5.0.19 | 107.00 | NOTE | |||
r-oldrel-macos-x86_64 | 5.0.19 | 187.00 | NOTE | |||
r-oldrel-windows-x86_64 | 5.0.19 | 11.00 | 361.00 | 372.00 | NOTE |
Version: 5.0.19
Check: Rd cross-references
Result: NOTE
Found the following Rd file(s) with Rd \link{} targets missing package
anchors:
cvts.Rd: forecast
fitted.hybridModel.Rd: accuracy
plot.hybridModel.Rd: autoplot
plotFitted.Rd: autoplot
plotModelObjects.Rd: autoplot
residuals.hybridModel.Rd: accuracy
Please provide package anchors for all Rd \link{} targets not in the
package itself and the base packages.
Flavors: r-devel-linux-x86_64-debian-clang, r-devel-linux-x86_64-debian-gcc, r-devel-windows-x86_64
Version: 5.0.19
Check: LazyData
Result: NOTE
'LazyData' is specified without a 'data' directory
Flavors: r-patched-linux-x86_64, r-release-linux-x86_64, r-release-macos-arm64, r-release-macos-x86_64, r-release-windows-x86_64, r-oldrel-macos-arm64, r-oldrel-macos-x86_64, r-oldrel-windows-x86_64
These binaries (installable software) and packages are in development.
They may not be fully stable and should be used with caution. We make no claims about them.