CRAN Package Check Results for Package forecastLSW

Last updated on 2025-07-19 13:50:12 CEST.

Flavor Version Tinstall Tcheck Ttotal Status Flags
r-devel-linux-x86_64-debian-clang 1.0 8.19 78.32 86.51 NOTE
r-devel-linux-x86_64-debian-gcc 1.0 6.10 54.65 60.75 NOTE
r-devel-linux-x86_64-fedora-clang 1.0 129.91 OK
r-devel-linux-x86_64-fedora-gcc 1.0 130.49 OK
r-devel-windows-x86_64 1.0 9.00 87.00 96.00 NOTE
r-patched-linux-x86_64 1.0 6.67 72.25 78.92 NOTE
r-release-linux-x86_64 1.0 8.07 72.01 80.08 NOTE
r-release-macos-arm64 1.0 93.00 OK
r-release-macos-x86_64 1.0 74.00 OK
r-release-windows-x86_64 1.0 9.00 86.00 95.00 NOTE
r-oldrel-macos-arm64 1.0 34.00 OK
r-oldrel-macos-x86_64 1.0 54.00 OK
r-oldrel-windows-x86_64 1.0 12.00 107.00 119.00 OK

Check Details

Version: 1.0
Check: Rd cross-references
Result: NOTE Found the following Rd file(s) with Rd \link{} targets missing package anchors: analyze.windanomaly.Rd: lpacf.plot forecastlpacf.Rd: lpacf Please provide package anchors for all Rd \link{} targets not in the package itself and the base packages. Flavors: r-devel-linux-x86_64-debian-clang, r-devel-linux-x86_64-debian-gcc, r-devel-windows-x86_64, r-patched-linux-x86_64, r-release-linux-x86_64, r-release-windows-x86_64

These binaries (installable software) and packages are in development.
They may not be fully stable and should be used with caution. We make no claims about them.