Last updated on 2025-10-23 21:51:27 CEST.
Flavor | Version | Tinstall | Tcheck | Ttotal | Status | Flags |
---|---|---|---|---|---|---|
r-devel-linux-x86_64-debian-clang | 0.9.0 | 13.37 | 477.82 | 491.19 | NOTE | |
r-devel-linux-x86_64-debian-gcc | 0.9.0 | 8.79 | 324.08 | 332.87 | NOTE | |
r-devel-linux-x86_64-fedora-clang | 0.9.0 | 38.00 | 745.40 | 783.40 | NOTE | |
r-devel-linux-x86_64-fedora-gcc | 0.9.0 | 32.00 | 702.75 | 734.75 | NOTE | |
r-devel-windows-x86_64 | 0.9.0 | 14.00 | 326.00 | 340.00 | OK | |
r-patched-linux-x86_64 | 0.9.0 | 11.91 | 438.39 | 450.30 | OK | |
r-release-linux-x86_64 | 0.9.0 | 11.70 | 449.52 | 461.22 | OK | |
r-release-macos-arm64 | 0.9.0 | 4.00 | 227.00 | 231.00 | OK | |
r-release-macos-x86_64 | 0.9.0 | 10.00 | 481.00 | 491.00 | OK | |
r-release-windows-x86_64 | 0.9.0 | 17.00 | 331.00 | 348.00 | OK | |
r-oldrel-macos-arm64 | 0.9.0 | 5.00 | 207.00 | 212.00 | OK | |
r-oldrel-macos-x86_64 | 0.9.0 | 14.00 | 373.00 | 387.00 | OK | |
r-oldrel-windows-x86_64 | 0.9.0 | 18.00 | 443.00 | 461.00 | OK |
Version: 0.9.0
Check: CRAN incoming feasibility
Result: NOTE
Maintainer: ‘Nickalus Redell <nickalusredell@gmail.com>’
No Authors@R field in DESCRIPTION.
Please add one, modifying
Authors@R: person(given = "Nickalus",
family = "Redell",
role = c("aut", "cre"),
email = "nickalusredell@gmail.com")
as necessary.
Flavors: r-devel-linux-x86_64-debian-clang, r-devel-linux-x86_64-debian-gcc
Version: 0.9.0
Check: dependencies in R code
Result: NOTE
Namespace in Imports field not imported from: ‘dtplyr’
All declared Imports should be used.
Flavors: r-devel-linux-x86_64-fedora-clang, r-devel-linux-x86_64-fedora-gcc
These binaries (installable software) and packages are in development.
They may not be fully stable and should be used with caution. We make no claims about them.