Last updated on 2025-02-16 10:50:46 CET.
Flavor | Version | Tinstall | Tcheck | Ttotal | Status | Flags |
---|---|---|---|---|---|---|
r-devel-linux-x86_64-debian-clang | 1.3-0 | 18.57 | 29.91 | 48.48 | OK | |
r-devel-linux-x86_64-debian-gcc | 1.3-0 | 13.78 | 22.72 | 36.50 | OK | |
r-devel-linux-x86_64-fedora-clang | 1.3-0 | 92.69 | OK | |||
r-devel-linux-x86_64-fedora-gcc | 1.3-0 | 91.79 | OK | |||
r-devel-macos-arm64 | 1.3-0 | 25.00 | OK | |||
r-devel-macos-x86_64 | 1.3-0 | 58.00 | OK | |||
r-devel-windows-x86_64 | 1.3-0 | 21.00 | 75.00 | 96.00 | OK | |
r-patched-linux-x86_64 | 1.3-0 | 19.00 | 29.29 | 48.29 | NOTE | |
r-release-linux-x86_64 | 1.3-0 | 20.22 | 28.58 | 48.80 | NOTE | |
r-release-macos-arm64 | 1.3-0 | 28.00 | NOTE | |||
r-release-macos-x86_64 | 1.3-0 | 37.00 | NOTE | |||
r-release-windows-x86_64 | 1.3-0 | 22.00 | 80.00 | 102.00 | NOTE | |
r-oldrel-macos-arm64 | 1.3-0 | 31.00 | NOTE | |||
r-oldrel-macos-x86_64 | 1.3-0 | 50.00 | NOTE | |||
r-oldrel-windows-x86_64 | 1.3-0 | 22.00 | 84.00 | 106.00 | NOTE |
Version: 1.3-0
Check: LazyData
Result: NOTE
'LazyData' is specified without a 'data' directory
Flavors: r-patched-linux-x86_64, r-release-linux-x86_64, r-release-macos-arm64, r-release-macos-x86_64, r-release-windows-x86_64, r-oldrel-macos-arm64, r-oldrel-macos-x86_64, r-oldrel-windows-x86_64
These binaries (installable software) and packages are in development.
They may not be fully stable and should be used with caution. We make no claims about them.