Last updated on 2025-07-02 01:51:37 CEST.
Flavor | Version | Tinstall | Tcheck | Ttotal | Status | Flags |
---|---|---|---|---|---|---|
r-devel-linux-x86_64-debian-clang | 3.0.2 | 14.88 | 93.66 | 108.54 | NOTE | |
r-devel-linux-x86_64-debian-gcc | 3.0.2 | 8.95 | 64.43 | 73.38 | NOTE | |
r-devel-linux-x86_64-fedora-clang | 3.0.2 | 165.39 | NOTE | |||
r-devel-linux-x86_64-fedora-gcc | 3.0.2 | 164.49 | NOTE | |||
r-devel-windows-x86_64 | 3.0.2 | 16.00 | 103.00 | 119.00 | NOTE | |
r-patched-linux-x86_64 | NOTE | |||||
r-release-linux-x86_64 | 3.0.2 | 13.28 | 87.01 | 100.29 | NOTE | |
r-release-macos-arm64 | 3.0.2 | 51.00 | NOTE | |||
r-release-macos-x86_64 | 3.0.2 | 89.00 | NOTE | |||
r-release-windows-x86_64 | 3.0.2 | 18.00 | 100.00 | 118.00 | NOTE | |
r-oldrel-macos-arm64 | 3.0.2 | 46.00 | OK | |||
r-oldrel-macos-x86_64 | 3.0.2 | 55.00 | OK | |||
r-oldrel-windows-x86_64 | 3.0.2 | 19.00 | 124.00 | 143.00 | OK |
Version: 3.0.2
Check: DESCRIPTION meta-information
Result: NOTE
Missing dependency on R >= 4.1.0 because package code uses the pipe
|> or function shorthand \(...) syntax added in R 4.1.0.
File(s) using such syntax:
‘mod_carga_datos.R’ ‘mod_comparacion.R’ ‘mod_descom.R’
‘mod_descom_utils.R’ ‘mod_desvio.R’ ‘mod_model_arima_utils.R’
‘mod_normal_utils.R’ ‘mod_nuevos.R’ ‘mod_periodograma.R’
‘mod_periodograma_utils_.R’ ‘mod_t_c.R’ ‘mod_t_c_utils.R’
‘mod_train_test.R’ ‘ts_utils.R’
Flavors: r-devel-linux-x86_64-debian-clang, r-devel-linux-x86_64-debian-gcc, r-devel-linux-x86_64-fedora-clang, r-devel-linux-x86_64-fedora-gcc, r-devel-windows-x86_64, r-patched-linux-x86_64, r-release-linux-x86_64, r-release-macos-arm64, r-release-macos-x86_64, r-release-windows-x86_64
These binaries (installable software) and packages are in development.
They may not be fully stable and should be used with caution. We make no claims about them.