CRAN Package Check Results for Package foreign

Last updated on 2025-10-23 15:49:54 CEST.

Flavor Version Tinstall Tcheck Ttotal Status Flags
r-devel-linux-x86_64-debian-clang 0.8-90 8.37 34.27 42.64 NOTE
r-devel-linux-x86_64-debian-gcc 0.8-90 6.72 25.63 32.35 NOTE
r-devel-linux-x86_64-fedora-clang 0.8-90 24.00 43.65 67.65 OK
r-devel-linux-x86_64-fedora-gcc 0.8-90 25.00 40.28 65.28 OK
r-devel-windows-x86_64 0.8-90 17.00 56.00 73.00 OK
r-patched-linux-x86_64 0.8-90 7.50 32.62 40.12 OK
r-release-linux-x86_64 0.8-90 8.14 32.55 40.69 OK
r-release-macos-arm64 0.8-90 6.00 23.00 29.00 OK
r-release-macos-x86_64 0.8-90 7.00 42.00 49.00 OK
r-release-windows-x86_64 0.8-90 22.00 65.00 87.00 OK
r-oldrel-macos-arm64 0.8-90 6.00 37.00 43.00 OK
r-oldrel-macos-x86_64 0.8-90 15.00 51.00 66.00 OK
r-oldrel-windows-x86_64 0.8-90 22.00 58.00 80.00 OK

Check Details

Version: 0.8-90
Check: DESCRIPTION meta-information
Result: NOTE Author field differs from that derived from Authors@R Author: ‘R Core Team [aut, cph, cre] (02zz1nj61), Roger Bivand [ctb, cph], Vincent J. Carey [ctb, cph], Saikat DebRoy [ctb, cph], Stephen Eglen [ctb, cph], Rajarshi Guha [ctb, cph], Swetlana Herbrandt [ctb], Nicholas Lewin-Koh [ctb, cph], Mark Myatt [ctb, cph], Michael Nelson [ctb], Ben Pfaff [ctb], Brian Quistorff [ctb], Frank Warmerdam [ctb, cph], Stephen Weigand [ctb, cph], Free Software Foundation, Inc. [cph]’ Authors@R: ‘R Core Team [aut, cph, cre] (ROR: <https://ror.org/02zz1nj61>), Roger Bivand [ctb, cph], Vincent J. Carey [ctb, cph], Saikat DebRoy [ctb, cph], Stephen Eglen [ctb, cph], Rajarshi Guha [ctb, cph], Swetlana Herbrandt [ctb], Nicholas Lewin-Koh [ctb, cph], Mark Myatt [ctb, cph], Michael Nelson [ctb], Ben Pfaff [ctb], Brian Quistorff [ctb], Frank Warmerdam [ctb, cph], Stephen Weigand [ctb, cph], Free Software Foundation, Inc. [cph]’ Flavors: r-devel-linux-x86_64-debian-clang, r-devel-linux-x86_64-debian-gcc

These binaries (installable software) and packages are in development.
They may not be fully stable and should be used with caution. We make no claims about them.