Last updated on 2025-10-23 11:50:13 CEST.
Flavor | Version | Tinstall | Tcheck | Ttotal | Status | Flags |
---|---|---|---|---|---|---|
r-devel-linux-x86_64-debian-clang | 1.0.0 | 6.24 | 53.60 | 59.84 | OK | |
r-devel-linux-x86_64-debian-gcc | 1.0.0 | 4.47 | 39.87 | 44.34 | OK | |
r-devel-linux-x86_64-fedora-clang | 1.0.0 | 20.00 | 79.01 | 99.01 | NOTE | |
r-devel-linux-x86_64-fedora-gcc | 1.0.0 | 16.00 | 71.97 | 87.97 | NOTE | |
r-devel-windows-x86_64 | 1.0.0 | 7.00 | 64.00 | 71.00 | OK | |
r-patched-linux-x86_64 | 1.0.0 | 6.51 | 50.12 | 56.63 | OK | |
r-release-linux-x86_64 | 1.0.0 | 3.85 | 51.20 | 55.05 | OK | |
r-release-macos-arm64 | 1.0.0 | 2.00 | 23.00 | 25.00 | OK | |
r-release-macos-x86_64 | 1.0.0 | 5.00 | 40.00 | 45.00 | OK | |
r-release-windows-x86_64 | 1.0.0 | 10.00 | 64.00 | 74.00 | OK | |
r-oldrel-macos-arm64 | 1.0.0 | 3.00 | 22.00 | 25.00 | OK | |
r-oldrel-macos-x86_64 | 1.0.0 | 5.00 | 33.00 | 38.00 | OK | |
r-oldrel-windows-x86_64 | 1.0.0 | 10.00 | 79.00 | 89.00 | OK |
Version: 1.0.0
Check: dependencies in R code
Result: NOTE
Namespaces in Imports field not imported from:
‘dplyr’ ‘forrel’ ‘pedtools’ ‘plotly’
All declared Imports should be used.
Flavors: r-devel-linux-x86_64-fedora-clang, r-devel-linux-x86_64-fedora-gcc
These binaries (installable software) and packages are in development.
They may not be fully stable and should be used with caution. We make no claims about them.