CRAN Package Check Results for Package forestPSD

Last updated on 2025-02-16 10:50:46 CET.

Flavor Version Tinstall Tcheck Ttotal Status Flags
r-devel-linux-x86_64-debian-clang 1.0.0 1.95 20.77 22.72 OK
r-devel-linux-x86_64-debian-gcc 1.0.0 1.33 16.41 17.74 OK
r-devel-linux-x86_64-fedora-clang 1.0.0 38.36 NOTE
r-devel-linux-x86_64-fedora-gcc 1.0.0 35.70 NOTE
r-devel-macos-arm64 1.0.0 16.00 OK
r-devel-macos-x86_64 1.0.0 27.00 OK
r-devel-windows-x86_64 1.0.0 4.00 54.00 58.00 OK
r-patched-linux-x86_64 1.0.0 1.85 20.78 22.63 OK
r-release-linux-x86_64 1.0.0 1.80 19.95 21.75 OK
r-release-macos-arm64 1.0.0 18.00 OK
r-release-macos-x86_64 1.0.0 26.00 OK
r-release-windows-x86_64 1.0.0 3.00 47.00 50.00 OK
r-oldrel-macos-arm64 1.0.0 21.00 OK
r-oldrel-macos-x86_64 1.0.0 28.00 OK
r-oldrel-windows-x86_64 1.0.0 4.00 44.00 48.00 OK

Check Details

Version: 1.0.0
Check: dependencies in R code
Result: NOTE Namespaces in Imports field not imported from: ‘ggplot2’ ‘reshape2’ All declared Imports should be used. Flavors: r-devel-linux-x86_64-fedora-clang, r-devel-linux-x86_64-fedora-gcc

These binaries (installable software) and packages are in development.
They may not be fully stable and should be used with caution. We make no claims about them.