Last updated on 2025-11-12 19:51:49 CET.
| Flavor | Version | Tinstall | Tcheck | Ttotal | Status | Flags |
|---|---|---|---|---|---|---|
| r-devel-linux-x86_64-debian-clang | 0.0-5 | 10.76 | 130.81 | 141.57 | OK | |
| r-devel-linux-x86_64-debian-gcc | 0.0-5 | 8.26 | 88.35 | 96.61 | OK | |
| r-devel-linux-x86_64-fedora-clang | 0.0-5 | 44.00 | 190.93 | 234.93 | NOTE | |
| r-devel-linux-x86_64-fedora-gcc | 0.0-5 | 22.00 | 198.78 | 220.78 | NOTE | |
| r-devel-windows-x86_64 | 0.0-5 | 14.00 | 125.00 | 139.00 | OK | |
| r-patched-linux-x86_64 | 0.0-5 | 12.06 | 123.33 | 135.39 | OK | |
| r-release-linux-x86_64 | 0.0-5 | 9.57 | 124.68 | 134.25 | OK | |
| r-release-macos-arm64 | 0.0-5 | 6.00 | 64.00 | 70.00 | OK | |
| r-release-macos-x86_64 | 0.0-5 | 9.00 | 105.00 | 114.00 | OK | |
| r-release-windows-x86_64 | 0.0-5 | 14.00 | 122.00 | 136.00 | OK | |
| r-oldrel-macos-arm64 | 0.0-5 | 5.00 | 47.00 | 52.00 | OK | |
| r-oldrel-macos-x86_64 | 0.0-5 | 8.00 | 81.00 | 89.00 | OK | |
| r-oldrel-windows-x86_64 | 0.0-5 | 20.00 | 171.00 | 191.00 | OK |
Version: 0.0-5
Check: dependencies in R code
Result: NOTE
Namespace in Imports field not imported from: ‘pkgKitten’
All declared Imports should be used.
Flavors: r-devel-linux-x86_64-fedora-clang, r-devel-linux-x86_64-fedora-gcc
These binaries (installable software) and packages are in development.
They may not be fully stable and should be used with caution. We make no claims about them.