Last updated on 2025-05-01 14:49:10 CEST.
Flavor | Version | Tinstall | Tcheck | Ttotal | Status | Flags |
---|---|---|---|---|---|---|
r-devel-linux-x86_64-debian-clang | 0.0-5 | 11.55 | 119.88 | 131.43 | OK | |
r-devel-linux-x86_64-debian-gcc | 0.0-5 | 8.25 | 83.97 | 92.22 | OK | |
r-devel-linux-x86_64-fedora-clang | 0.0-5 | 199.26 | NOTE | |||
r-devel-linux-x86_64-fedora-gcc | 0.0-5 | 202.32 | NOTE | |||
r-devel-windows-x86_64 | 0.0-5 | 13.00 | 126.00 | 139.00 | OK | |
r-patched-linux-x86_64 | 0.0-5 | 10.82 | 115.61 | 126.43 | OK | |
r-release-linux-x86_64 | OK | |||||
r-release-macos-arm64 | 0.0-5 | 70.00 | OK | |||
r-release-macos-x86_64 | 0.0-5 | 114.00 | OK | |||
r-release-windows-x86_64 | 0.0-5 | 14.00 | 130.00 | 144.00 | OK | |
r-oldrel-macos-arm64 | 0.0-5 | 52.00 | OK | |||
r-oldrel-macos-x86_64 | 0.0-5 | 89.00 | OK | |||
r-oldrel-windows-x86_64 | 0.0-5 | 14.00 | 157.00 | 171.00 | OK |
Version: 0.0-5
Check: dependencies in R code
Result: NOTE
Namespace in Imports field not imported from: ‘pkgKitten’
All declared Imports should be used.
Flavors: r-devel-linux-x86_64-fedora-clang, r-devel-linux-x86_64-fedora-gcc
These binaries (installable software) and packages are in development.
They may not be fully stable and should be used with caution. We make no claims about them.