Last updated on 2025-07-25 11:49:55 CEST.
Flavor | Version | Tinstall | Tcheck | Ttotal | Status | Flags |
---|---|---|---|---|---|---|
r-devel-linux-x86_64-debian-clang | 0.0-5 | 10.72 | 120.38 | 131.10 | OK | |
r-devel-linux-x86_64-debian-gcc | 0.0-5 | 9.64 | 81.14 | 90.78 | OK | |
r-devel-linux-x86_64-fedora-clang | 0.0-5 | 208.01 | NOTE | |||
r-devel-linux-x86_64-fedora-gcc | 0.0-5 | 209.96 | NOTE | |||
r-devel-windows-x86_64 | 0.0-5 | 12.00 | 133.00 | 145.00 | OK | |
r-patched-linux-x86_64 | 0.0-5 | 10.46 | 114.39 | 124.85 | OK | |
r-release-linux-x86_64 | 0.0-5 | 10.83 | 115.72 | 126.55 | OK | |
r-release-macos-arm64 | 0.0-5 | 70.00 | OK | |||
r-release-macos-x86_64 | 0.0-5 | 114.00 | OK | |||
r-release-windows-x86_64 | 0.0-5 | 12.00 | 119.00 | 131.00 | OK | |
r-oldrel-macos-arm64 | 0.0-5 | 52.00 | OK | |||
r-oldrel-macos-x86_64 | 0.0-5 | 89.00 | OK | |||
r-oldrel-windows-x86_64 | 0.0-5 | 17.00 | 158.00 | 175.00 | OK |
Version: 0.0-5
Check: dependencies in R code
Result: NOTE
Namespace in Imports field not imported from: ‘pkgKitten’
All declared Imports should be used.
Flavors: r-devel-linux-x86_64-fedora-clang, r-devel-linux-x86_64-fedora-gcc
These binaries (installable software) and packages are in development.
They may not be fully stable and should be used with caution. We make no claims about them.