Last updated on 2025-11-12 23:50:44 CET.
| Flavor | Version | Tinstall | Tcheck | Ttotal | Status | Flags |
|---|---|---|---|---|---|---|
| r-devel-linux-x86_64-debian-clang | 2.0.4 | 2.33 | 38.18 | 40.51 | OK | |
| r-devel-linux-x86_64-debian-gcc | 2.0.4 | 2.09 | 28.26 | 30.35 | OK | |
| r-devel-linux-x86_64-fedora-clang | 2.0.4 | 11.00 | 55.26 | 66.26 | NOTE | |
| r-devel-linux-x86_64-fedora-gcc | 2.0.4 | 60.03 | NOTE | |||
| r-devel-windows-x86_64 | 2.0.4 | 5.00 | 61.00 | 66.00 | OK | |
| r-patched-linux-x86_64 | 2.0.4 | 2.82 | 37.51 | 40.33 | OK | |
| r-release-linux-x86_64 | 2.0.4 | 2.70 | 37.05 | 39.75 | OK | |
| r-release-macos-arm64 | 2.0.4 | 1.00 | 23.00 | 24.00 | OK | |
| r-release-macos-x86_64 | 2.0.4 | 4.00 | 56.00 | 60.00 | OK | |
| r-release-windows-x86_64 | 2.0.4 | 4.00 | 59.00 | 63.00 | OK | |
| r-oldrel-macos-arm64 | 2.0.4 | 1.00 | 22.00 | 23.00 | OK | |
| r-oldrel-macos-x86_64 | 2.0.4 | 2.00 | 33.00 | 35.00 | OK | |
| r-oldrel-windows-x86_64 | 2.0.4 | 5.00 | 67.00 | 72.00 | OK |
Version: 2.0.4
Check: dependencies in R code
Result: NOTE
Namespaces in Imports field not imported from:
‘spatstat’ ‘spatstat.data’
All declared Imports should be used.
Flavors: r-devel-linux-x86_64-fedora-clang, r-devel-linux-x86_64-fedora-gcc
These binaries (installable software) and packages are in development.
They may not be fully stable and should be used with caution. We make no claims about them.