Last updated on 2025-05-01 12:49:28 CEST.
Flavor | Version | Tinstall | Tcheck | Ttotal | Status | Flags |
---|---|---|---|---|---|---|
r-devel-linux-x86_64-debian-clang | 0.1.2 | 7.21 | 300.24 | 307.45 | NOTE | |
r-devel-linux-x86_64-debian-gcc | 0.1.2 | 4.74 | 170.00 | 174.74 | OK | |
r-devel-linux-x86_64-fedora-clang | 0.1.2 | 476.55 | OK | |||
r-devel-linux-x86_64-fedora-gcc | 0.1.2 | 456.00 | OK | |||
r-devel-windows-x86_64 | 0.1.2 | 10.00 | 270.00 | 280.00 | OK | |
r-patched-linux-x86_64 | 0.1.2 | 6.48 | 278.72 | 285.20 | OK | |
r-release-linux-x86_64 | OK | |||||
r-release-macos-arm64 | 0.1.2 | 143.00 | OK | |||
r-release-macos-x86_64 | 0.1.2 | 247.00 | OK | |||
r-release-windows-x86_64 | 0.1.2 | 9.00 | 275.00 | 284.00 | OK | |
r-oldrel-macos-arm64 | 0.1.2 | 104.00 | OK | |||
r-oldrel-macos-x86_64 | 0.1.2 | 245.00 | OK | |||
r-oldrel-windows-x86_64 | 0.1.2 | 11.00 | 299.00 | 310.00 | OK |
Version: 0.1.2
Check: examples
Result: NOTE
Examples with CPU (user + system) or elapsed time > 5s
user system elapsed
plot_dot 11.057 0.058 15.145
plot_errorbar 10.876 0.040 13.674
table_panel 10.363 0.283 13.769
Flavor: r-devel-linux-x86_64-debian-clang
Version: 0.1.2
Check: examples
Result: NA
user system elapsed
plot_dot 5.773 0.134 6.428
plot_errorbar 5.621 0.026 6.529
table_panel 5.406 0.023 5.976
OK
Flavor: r-devel-linux-x86_64-debian-gcc
These binaries (installable software) and packages are in development.
They may not be fully stable and should be used with caution. We make no claims about them.