CRAN Package Check Results for Package forestmangr

Last updated on 2025-05-01 12:49:28 CEST.

Flavor Version Tinstall Tcheck Ttotal Status Flags
r-devel-linux-x86_64-debian-clang 0.9.8 10.01 220.92 230.93 NOTE
r-devel-linux-x86_64-debian-gcc 0.9.8 6.01 162.81 168.82 OK
r-devel-linux-x86_64-fedora-clang 0.9.8 374.36 OK
r-devel-linux-x86_64-fedora-gcc 0.9.8 353.13 OK
r-devel-windows-x86_64 0.9.8 13.00 234.00 247.00 OK
r-patched-linux-x86_64 0.9.8 12.39 212.42 224.81 OK
r-release-linux-x86_64 OK
r-release-macos-arm64 0.9.8 109.00 OK
r-release-macos-x86_64 0.9.8 225.00 OK
r-release-windows-x86_64 0.9.8 13.00 238.00 251.00 OK
r-oldrel-macos-arm64 0.9.8 131.00 OK
r-oldrel-macos-x86_64 0.9.8 143.00 OK
r-oldrel-windows-x86_64 0.9.8 15.00 308.00 323.00 OK

Check Details

Version: 0.9.8
Check: examples
Result: NOTE Examples with CPU (user + system) or elapsed time > 5s user system elapsed nls_table 5.543 0.099 7.687 Flavor: r-devel-linux-x86_64-debian-clang

These binaries (installable software) and packages are in development.
They may not be fully stable and should be used with caution. We make no claims about them.