Last updated on 2025-05-01 12:49:28 CEST.
Flavor | Version | Tinstall | Tcheck | Ttotal | Status | Flags |
---|---|---|---|---|---|---|
r-devel-linux-x86_64-debian-clang | 0.6.2 | 7.31 | 53.75 | 61.06 | NOTE | |
r-devel-linux-x86_64-debian-gcc | 0.6.2 | 4.49 | 37.29 | 41.78 | NOTE | |
r-devel-linux-x86_64-fedora-clang | 0.6.2 | 90.67 | OK | |||
r-devel-linux-x86_64-fedora-gcc | 0.6.2 | 88.72 | OK | |||
r-devel-windows-x86_64 | 0.6.2 | 9.00 | 63.00 | 72.00 | OK | |
r-patched-linux-x86_64 | 0.6.2 | 5.71 | 49.50 | 55.21 | OK | |
r-release-linux-x86_64 | OK | |||||
r-release-macos-arm64 | 0.6.2 | 26.00 | OK | |||
r-release-macos-x86_64 | 0.6.2 | 49.00 | OK | |||
r-release-windows-x86_64 | 0.6.2 | 9.00 | 66.00 | 75.00 | OK | |
r-oldrel-macos-arm64 | 0.6.2 | 26.00 | NOTE | |||
r-oldrel-macos-x86_64 | 0.6.2 | 39.00 | NOTE | |||
r-oldrel-windows-x86_64 | 0.6.2 | 9.00 | 75.00 | 84.00 | NOTE |
Version: 0.6.2
Check: CRAN incoming feasibility
Result: NOTE
Maintainer: ‘Nick Kennedy <r@nick-kennedy.com>’
No Authors@R field in DESCRIPTION.
Please add one, modifying
Authors@R: person(given = "Nick",
family = "Kennedy",
role = c("aut", "cre"),
email = "r@nick-kennedy.com")
as necessary.
Flavors: r-devel-linux-x86_64-debian-clang, r-devel-linux-x86_64-debian-gcc
Version: 0.6.2
Check: LazyData
Result: NOTE
'LazyData' is specified without a 'data' directory
Flavors: r-oldrel-macos-arm64, r-oldrel-macos-x86_64, r-oldrel-windows-x86_64
These binaries (installable software) and packages are in development.
They may not be fully stable and should be used with caution. We make no claims about them.