Last updated on 2024-07-27 15:50:18 CEST.
Flavor | Version | Tinstall | Tcheck | Ttotal | Status | Flags |
---|---|---|---|---|---|---|
r-devel-linux-x86_64-debian-clang | 0.6.2 | 5.30 | 59.85 | 65.15 | NOTE | |
r-devel-linux-x86_64-debian-gcc | 0.6.2 | NOTE | ||||
r-devel-linux-x86_64-fedora-clang | 0.6.2 | 89.87 | NOTE | |||
r-devel-linux-x86_64-fedora-gcc | 0.6.2 | 76.86 | NOTE | |||
r-devel-windows-x86_64 | 0.6.2 | 7.00 | 62.00 | 69.00 | NOTE | |
r-patched-linux-x86_64 | 0.6.2 | NOTE | ||||
r-release-linux-x86_64 | 0.6.2 | 4.35 | 57.48 | 61.83 | NOTE | |
r-release-macos-arm64 | 0.6.2 | 26.00 | NOTE | |||
r-release-macos-x86_64 | 0.6.2 | 39.00 | NOTE | |||
r-release-windows-x86_64 | 0.6.2 | 7.00 | 62.00 | 69.00 | NOTE | |
r-oldrel-macos-arm64 | 0.6.2 | 27.00 | NOTE | |||
r-oldrel-macos-x86_64 | 0.6.2 | 37.00 | NOTE | |||
r-oldrel-windows-x86_64 | 0.6.2 | 9.00 | 73.00 | 82.00 | NOTE |
Version: 0.6.2
Check: LazyData
Result: NOTE
'LazyData' is specified without a 'data' directory
Flavors: r-devel-linux-x86_64-debian-clang, r-devel-linux-x86_64-debian-gcc, r-devel-linux-x86_64-fedora-clang, r-devel-linux-x86_64-fedora-gcc, r-devel-windows-x86_64, r-patched-linux-x86_64, r-release-linux-x86_64, r-release-macos-arm64, r-release-macos-x86_64, r-release-windows-x86_64, r-oldrel-macos-arm64, r-oldrel-macos-x86_64, r-oldrel-windows-x86_64
These binaries (installable software) and packages are in development.
They may not be fully stable and should be used with caution. We make no claims about them.