Last updated on 2025-10-23 23:49:29 CEST.
| Flavor | Version | Tinstall | Tcheck | Ttotal | Status | Flags |
|---|---|---|---|---|---|---|
| r-devel-linux-x86_64-debian-clang | 0.6.2 | 6.77 | 65.52 | 72.29 | NOTE | |
| r-devel-linux-x86_64-debian-gcc | 0.6.2 | 5.50 | 47.17 | 52.67 | NOTE | |
| r-devel-linux-x86_64-fedora-clang | 0.6.2 | 33.00 | 81.40 | 114.40 | OK | |
| r-devel-linux-x86_64-fedora-gcc | 0.6.2 | 32.00 | 76.47 | 108.47 | OK | |
| r-devel-windows-x86_64 | 0.6.2 | 8.00 | 70.00 | 78.00 | OK | |
| r-patched-linux-x86_64 | 0.6.2 | 7.30 | 60.22 | 67.52 | OK | |
| r-release-linux-x86_64 | 0.6.2 | 6.58 | 59.95 | 66.53 | OK | |
| r-release-macos-arm64 | 0.6.2 | 3.00 | 23.00 | 26.00 | OK | |
| r-release-macos-x86_64 | 0.6.2 | 5.00 | 44.00 | 49.00 | OK | |
| r-release-windows-x86_64 | 0.6.2 | 10.00 | 72.00 | 82.00 | OK | |
| r-oldrel-macos-arm64 | 0.6.2 | 3.00 | 23.00 | 26.00 | NOTE | |
| r-oldrel-macos-x86_64 | 0.6.2 | 4.00 | 35.00 | 39.00 | NOTE | |
| r-oldrel-windows-x86_64 | 0.6.2 | 12.00 | 91.00 | 103.00 | NOTE |
Version: 0.6.2
Check: CRAN incoming feasibility
Result: NOTE
Maintainer: ‘Nick Kennedy <r@nick-kennedy.com>’
No Authors@R field in DESCRIPTION.
Please add one, modifying
Authors@R: person(given = "Nick",
family = "Kennedy",
role = c("aut", "cre"),
email = "r@nick-kennedy.com")
as necessary.
Flavors: r-devel-linux-x86_64-debian-clang, r-devel-linux-x86_64-debian-gcc
Version: 0.6.2
Check: LazyData
Result: NOTE
'LazyData' is specified without a 'data' directory
Flavors: r-oldrel-macos-arm64, r-oldrel-macos-x86_64, r-oldrel-windows-x86_64
These binaries (installable software) and packages are in development.
They may not be fully stable and should be used with caution. We make no claims about them.